CRAN Package Check Results for Package NovelDistns

Last updated on 2025-07-12 18:49:46 CEST.

Flavor Version Tinstall Tcheck Ttotal Status Flags
r-devel-linux-x86_64-debian-clang 0.1.0 3.50 26.15 29.65 NOTE
r-devel-linux-x86_64-debian-gcc 0.1.0 2.89 19.96 22.85 NOTE
r-devel-linux-x86_64-fedora-clang 0.1.0 47.06 OK
r-devel-linux-x86_64-fedora-gcc 0.1.0 43.97 OK
r-devel-windows-x86_64 0.1.0 4.00 44.00 48.00 OK
r-patched-linux-x86_64 0.1.0 4.12 24.18 28.30 OK
r-release-linux-x86_64 0.1.0 3.75 24.44 28.19 OK
r-release-macos-arm64 0.1.0 17.00 OK
r-release-macos-x86_64 0.1.0 35.00 OK
r-release-windows-x86_64 0.1.0 6.00 46.00 52.00 OK
r-oldrel-macos-arm64 0.1.0 16.00 OK
r-oldrel-macos-x86_64 0.1.0 24.00 OK
r-oldrel-windows-x86_64 0.1.0 6.00 44.00 50.00 OK

Check Details

Version: 0.1.0
Check: CRAN incoming feasibility
Result: NOTE Maintainer: ‘Mutua Kilai <kilaimutua@gmail.com>’ No Authors@R field in DESCRIPTION. Please add one, modifying Authors@R: c(person(given = "Mutua", family = "Kilai", role = c("aut", "cre"), email = "kilaimutua@gmail.com"), person(given = "Gichuhi", family = "Waititu", role = "aut"), person(given = "Wanjoya", family = "Kibira", role = "aut")) as necessary. Flavors: r-devel-linux-x86_64-debian-clang, r-devel-linux-x86_64-debian-gcc

mirror server hosted at Truenetwork, Russian Federation.