Last updated on 2025-11-24 11:50:13 CET.
| Flavor | Version | Tinstall | Tcheck | Ttotal | Status | Flags |
|---|---|---|---|---|---|---|
| r-devel-linux-x86_64-debian-clang | 1.9 | 9.22 | 68.07 | 77.29 | NOTE | |
| r-devel-linux-x86_64-debian-gcc | 1.9 | 6.57 | 48.14 | 54.71 | NOTE | |
| r-devel-linux-x86_64-fedora-clang | 1.9 | 43.00 | 87.77 | 130.77 | OK | |
| r-devel-windows-x86_64 | 1.9 | 12.00 | 78.00 | 90.00 | OK | |
| r-patched-linux-x86_64 | 1.9 | 8.41 | 66.23 | 74.64 | OK | |
| r-release-linux-x86_64 | 1.9 | 9.28 | 65.79 | 75.07 | OK | |
| r-release-macos-arm64 | 1.9 | OK | ||||
| r-release-macos-x86_64 | 1.9 | 9.00 | 63.00 | 72.00 | OK | |
| r-release-windows-x86_64 | 1.9 | 10.00 | 94.00 | 104.00 | OK | |
| r-oldrel-macos-arm64 | 1.9 | OK | ||||
| r-oldrel-macos-x86_64 | 1.9 | 7.00 | 47.00 | 54.00 | OK | |
| r-oldrel-windows-x86_64 | 1.9 | 13.00 | 95.00 | 108.00 | OK |
Version: 1.9
Check: CRAN incoming feasibility
Result: NOTE
Maintainer: ‘Alejandro Ordonez <ordonezjosealejandro@gmail.com>’
No Authors@R field in DESCRIPTION.
Please add one, modifying
Authors@R: c(person(given = "Alejandro",
family = "Ordonez",
role = c("aut", "cre"),
email = "ordonezjosealejandro@gmail.com"),
person(given = c("Marcos", "O."),
family = "Prates",
role = "aut"),
person(given = c("Larissa", "A."),
family = "Matos",
role = "aut"),
person(given = c("Victor", "H."),
family = "Lachos.",
role = "aut"))
as necessary.
The Description field contains
Details can be found in Ordonez et al. (2020) <arXiv:2004.04341>.
Please refer to arXiv e-prints via their arXiv DOI <doi:10.48550/arXiv.YYMM.NNNNN>.
Flavors: r-devel-linux-x86_64-debian-clang, r-devel-linux-x86_64-debian-gcc