Last updated on 2025-11-02 11:50:29 CET.
| Flavor | Version | Tinstall | Tcheck | Ttotal | Status | Flags |
|---|---|---|---|---|---|---|
| r-devel-linux-x86_64-debian-clang | 1.2.3 | 76.86 | 460.27 | 537.13 | OK | |
| r-devel-linux-x86_64-debian-gcc | 1.2.3 | 53.59 | 291.48 | 345.07 | OK | |
| r-devel-linux-x86_64-fedora-clang | 1.2.3 | 190.00 | 699.05 | 889.05 | OK | |
| r-devel-linux-x86_64-fedora-gcc | 1.2.3 | 146.00 | 691.29 | 837.29 | OK | |
| r-devel-windows-x86_64 | 1.2.3 | 79.00 | 376.00 | 455.00 | OK | |
| r-patched-linux-x86_64 | 1.2.3 | 70.36 | 434.77 | 505.13 | OK | |
| r-release-linux-x86_64 | 1.2.3 | 75.81 | 445.31 | 521.12 | OK | |
| r-release-macos-arm64 | 1.2.3 | 34.00 | 124.00 | 158.00 | OK | |
| r-release-macos-x86_64 | 1.2.3 | 66.00 | 246.00 | 312.00 | OK | |
| r-release-windows-x86_64 | 1.2.3 | 79.00 | 371.00 | 450.00 | OK | |
| r-oldrel-macos-arm64 | 1.2.3 | 32.00 | 125.00 | 157.00 | NOTE | |
| r-oldrel-macos-x86_64 | 1.2.3 | 62.00 | 268.00 | 330.00 | NOTE | |
| r-oldrel-windows-x86_64 | 1.2.3 | 106.00 | 533.00 | 639.00 | OK |
Version: 1.2.3
Check: installed package size
Result: NOTE
installed size is 6.1Mb
sub-directories of 1Mb or more:
data 2.6Mb
libs 2.1Mb
Flavors: r-oldrel-macos-arm64, r-oldrel-macos-x86_64