CRAN Package Check Results for Package OEFPIL

Last updated on 2025-05-24 12:49:23 CEST.

Flavor Version Tinstall Tcheck Ttotal Status Flags
r-devel-linux-x86_64-debian-clang 0.1.1 6.50 61.77 68.27 NOTE
r-devel-linux-x86_64-debian-gcc 0.1.1 4.69 43.08 47.77 NOTE
r-devel-linux-x86_64-fedora-clang 0.1.1 107.01 OK
r-devel-linux-x86_64-fedora-gcc 0.1.1 100.53 OK
r-devel-windows-x86_64 0.1.1 9.00 77.00 86.00 NOTE
r-patched-linux-x86_64 0.1.1 6.54 57.87 64.41 NOTE
r-release-linux-x86_64 0.1.1 6.01 57.64 63.65 NOTE
r-release-macos-arm64 0.1.1 29.00 OK
r-release-macos-x86_64 0.1.1 52.00 OK
r-release-windows-x86_64 0.1.1 9.00 109.00 118.00 NOTE
r-oldrel-macos-arm64 0.1.1 30.00 OK
r-oldrel-macos-x86_64 0.1.1 49.00 OK
r-oldrel-windows-x86_64 0.1.1 10.00 92.00 102.00 OK

Check Details

Version: 0.1.1
Check: Rd cross-references
Result: NOTE Found the following Rd file(s) with Rd \link{} targets missing package anchors: NanoIndent.OEFPIL.Rd: nlsLM OEFPIL.Rd: nlsLM Please provide package anchors for all Rd \link{} targets not in the package itself and the base packages. Flavors: r-devel-linux-x86_64-debian-clang, r-devel-linux-x86_64-debian-gcc, r-devel-windows-x86_64, r-patched-linux-x86_64, r-release-linux-x86_64, r-release-windows-x86_64

mirror server hosted at Truenetwork, Russian Federation.