Last updated on 2024-06-30 00:59:20 CEST.
Flavor | Version | Tinstall | Tcheck | Ttotal | Status | Flags |
---|---|---|---|---|---|---|
r-devel-linux-x86_64-debian-clang | 0.1.2 | 7.81 | 85.68 | 93.49 | OK | |
r-devel-linux-x86_64-debian-gcc | 0.1.2 | 7.37 | 59.29 | 66.66 | OK | |
r-devel-linux-x86_64-fedora-clang | 0.1.2 | 108.78 | OK | |||
r-devel-linux-x86_64-fedora-gcc | 0.1.2 | 105.01 | OK | |||
r-devel-windows-x86_64 | 0.1.2 | 8.00 | 77.00 | 85.00 | OK | |
r-patched-linux-x86_64 | 0.1.2 | 8.16 | 76.78 | 84.94 | OK | |
r-release-linux-x86_64 | 0.1.2 | 7.78 | 74.97 | 82.75 | OK | |
r-release-macos-arm64 | 0.1.2 | 33.00 | OK | |||
r-release-macos-x86_64 | 0.1.2 | 110.00 | OK | |||
r-release-windows-x86_64 | 0.1.2 | 8.00 | 77.00 | 85.00 | OK | |
r-oldrel-macos-arm64 | 0.1.2 | 37.00 | WARN | |||
r-oldrel-macos-x86_64 | 0.1.2 | 137.00 | OK | |||
r-oldrel-windows-x86_64 | 0.1.2 | 11.00 | 90.00 | 101.00 | OK |
Version: 0.1.2
Check: replacement functions
Result: WARN
Fatal error: cannot create 'R_TempDir'
The argument of a replacement function which corresponds to the right
hand side must be named ‘value’.
Flavor: r-oldrel-macos-arm64
Version: 0.1.2
Check: foreign function calls
Result: NOTE
Warning in file(open = "w+") :
cannot open file '/var/folders/k4/0jwzxmln0nb8y6rkzprptb640000gq/T//RtmpYdXjvw/Rfee3b1220180e': No space left on device
Error in file(open = "w+") : cannot open the connection
Calls: <Anonymous> -> .load_namespace_quietly -> .try_quietly -> file
Execution halted
See chapter ‘System and foreign language interfaces’ in the ‘Writing R
Extensions’ manual.
Flavor: r-oldrel-macos-arm64