Last updated on 2025-11-04 13:50:21 CET.
| Flavor | Version | Tinstall | Tcheck | Ttotal | Status | Flags |
|---|---|---|---|---|---|---|
| r-devel-linux-x86_64-debian-clang | 0.0.3 | 1.72 | 20.99 | 22.71 | OK | |
| r-devel-linux-x86_64-debian-gcc | 0.0.3 | 1.36 | 16.95 | 18.31 | OK | |
| r-devel-linux-x86_64-fedora-clang | 0.0.3 | 36.88 | OK | |||
| r-devel-linux-x86_64-fedora-gcc | 0.0.3 | 32.19 | OK | |||
| r-devel-windows-x86_64 | 0.0.3 | 3.00 | 39.00 | 42.00 | OK | |
| r-patched-linux-x86_64 | 0.0.3 | 1.76 | 19.96 | 21.72 | OK | |
| r-release-linux-x86_64 | 0.0.3 | 1.65 | 20.14 | 21.79 | OK | |
| r-release-macos-arm64 | 0.0.3 | 1.00 | 14.00 | 15.00 | OK | |
| r-release-macos-x86_64 | 0.0.3 | 2.00 | 22.00 | 24.00 | OK | |
| r-release-windows-x86_64 | 0.0.3 | 3.00 | 38.00 | 41.00 | OK | |
| r-oldrel-macos-arm64 | 0.0.3 | 1.00 | 14.00 | 15.00 | NOTE | |
| r-oldrel-macos-x86_64 | 0.0.3 | 1.00 | 18.00 | 19.00 | NOTE | |
| r-oldrel-windows-x86_64 | 0.0.3 | 3.00 | 44.00 | 47.00 | NOTE |
Version: 0.0.3
Check: LazyData
Result: NOTE
'LazyData' is specified without a 'data' directory
Flavors: r-oldrel-macos-arm64, r-oldrel-macos-x86_64, r-oldrel-windows-x86_64