CRAN Package Check Results for Package PCAmatchR

Last updated on 2025-11-24 05:50:31 CET.

Flavor Version Tinstall Tcheck Ttotal Status Flags
r-devel-linux-x86_64-debian-clang 0.3.3 1.98 40.84 42.82 NOTE
r-devel-linux-x86_64-debian-gcc 0.3.3 1.57 32.27 33.84 NOTE
r-devel-linux-x86_64-fedora-clang 0.3.3 64.45 OK
r-devel-windows-x86_64 0.3.3 4.00 57.00 61.00 OK
r-patched-linux-x86_64 0.3.3 1.94 39.24 41.18 OK
r-release-linux-x86_64 0.3.3 1.98 38.60 40.58 OK
r-release-macos-arm64 0.3.3 OK
r-release-macos-x86_64 0.3.3 2.00 57.00 59.00 OK
r-release-windows-x86_64 0.3.3 3.00 59.00 62.00 OK
r-oldrel-macos-arm64 0.3.3 OK
r-oldrel-macos-x86_64 0.3.3 2.00 40.00 42.00 OK
r-oldrel-windows-x86_64 0.3.3 3.00 73.00 76.00 OK

Check Details

Version: 0.3.3
Check: CRAN incoming feasibility
Result: NOTE Maintainer: ‘Derek W. Brown <derek9@gwmail.gwu.edu>’ Package CITATION file contains call(s) to old-style personList() or as.personList(). Please use c() on person objects instead. Package CITATION file contains call(s) to old-style citEntry(). Please use bibentry() instead. Flavors: r-devel-linux-x86_64-debian-clang, r-devel-linux-x86_64-debian-gcc

mirror server hosted at Truenetwork, Russian Federation.