Last updated on 2025-11-22 17:49:37 CET.
| Flavor | Version | Tinstall | Tcheck | Ttotal | Status | Flags |
|---|---|---|---|---|---|---|
| r-devel-linux-x86_64-debian-clang | 0.1.0 | 9.47 | 135.95 | 145.42 | NOTE | |
| r-devel-linux-x86_64-debian-gcc | 0.1.0 | 7.74 | 95.42 | 103.16 | NOTE | |
| r-devel-linux-x86_64-fedora-clang | 0.1.0 | 22.00 | 205.80 | 227.80 | NOTE | |
| r-devel-windows-x86_64 | 0.1.0 | 13.00 | 121.00 | 134.00 | OK | |
| r-patched-linux-x86_64 | 0.1.0 | 9.30 | 127.32 | 136.62 | OK | |
| r-release-linux-x86_64 | 0.1.0 | 8.05 | 128.01 | 136.06 | OK | |
| r-release-macos-arm64 | 0.1.0 | OK | ||||
| r-release-macos-x86_64 | 0.1.0 | 7.00 | 116.00 | 123.00 | OK | |
| r-release-windows-x86_64 | 0.1.0 | 12.00 | 121.00 | 133.00 | OK | |
| r-oldrel-macos-arm64 | 0.1.0 | OK | ||||
| r-oldrel-macos-x86_64 | 0.1.0 | 9.00 | 95.00 | 104.00 | OK | |
| r-oldrel-windows-x86_64 | 0.1.0 | 14.00 | 165.00 | 179.00 | OK |
Version: 0.1.0
Check: CRAN incoming feasibility
Result: NOTE
Maintainer: ‘Zhenbang Wang <bruce1edward@gmail.com>’
No Authors@R field in DESCRIPTION.
Please add one, modifying
Authors@R: c(person(given = "Javier",
family = "Cabrera",
role = "aut",
email = "xavier.cabrera@gmail.com"),
person(given = "Fei",
family = "Wang",
role = "aut",
email = "cherry8177@gmail.com"),
person(given = "Zhenbang",
family = "Wang",
role = "cre",
email = "bruce1edward@gmail.com"))
as necessary.
Flavors: r-devel-linux-x86_64-debian-clang, r-devel-linux-x86_64-debian-gcc
Version: 0.1.0
Check: dependencies in R code
Result: NOTE
Namespace in Imports field not imported from: ‘glmnet’
All declared Imports should be used.
Flavor: r-devel-linux-x86_64-fedora-clang