Last updated on 2025-11-02 23:49:47 CET.
| Flavor | Version | Tinstall | Tcheck | Ttotal | Status | Flags |
|---|---|---|---|---|---|---|
| r-devel-linux-x86_64-debian-clang | 2.0 | 13.16 | 102.17 | 115.33 | NOTE | |
| r-devel-linux-x86_64-debian-gcc | 2.0 | 8.59 | 72.14 | 80.73 | NOTE | |
| r-devel-linux-x86_64-fedora-clang | 2.0 | 29.00 | 145.00 | 174.00 | OK | |
| r-devel-linux-x86_64-fedora-gcc | 2.0 | 24.00 | 183.79 | 207.79 | OK | |
| r-devel-windows-x86_64 | 2.0 | 15.00 | 103.00 | 118.00 | NOTE | |
| r-patched-linux-x86_64 | 2.0 | 12.94 | 96.73 | 109.67 | NOTE | |
| r-release-linux-x86_64 | 2.0 | 12.68 | 96.48 | 109.16 | NOTE | |
| r-release-macos-arm64 | 2.0 | 5.00 | 56.00 | 61.00 | OK | |
| r-release-macos-x86_64 | 2.0 | 12.00 | 97.00 | 109.00 | OK | |
| r-release-windows-x86_64 | 2.0 | 14.00 | 98.00 | 112.00 | NOTE | |
| r-oldrel-macos-arm64 | 2.0 | 5.00 | 53.00 | 58.00 | OK | |
| r-oldrel-macos-x86_64 | 2.0 | 8.00 | 79.00 | 87.00 | OK | |
| r-oldrel-windows-x86_64 | 2.0 | 19.00 | 130.00 | 149.00 | OK |
Version: 2.0
Check: Rd cross-references
Result: NOTE
Found the following Rd file(s) with Rd \link{} targets missing package
anchors:
ProgPredLasso.Rd: cvCovEst
Please provide package anchors for all Rd \link{} targets not in the
package itself and the base packages.
Flavors: r-devel-linux-x86_64-debian-clang, r-devel-linux-x86_64-debian-gcc, r-devel-windows-x86_64, r-patched-linux-x86_64, r-release-linux-x86_64, r-release-windows-x86_64