CRAN Package Check Results for Package PPMR

Last updated on 2025-02-22 11:51:38 CET.

Flavor Version Tinstall Tcheck Ttotal Status Flags
r-devel-linux-x86_64-debian-clang 1.0 32.02 22.15 54.17 NOTE
r-devel-linux-x86_64-debian-gcc 1.0 27.99 17.97 45.96 NOTE
r-devel-linux-x86_64-fedora-clang 1.0 109.20 NOTE
r-devel-linux-x86_64-fedora-gcc 1.0 113.28 NOTE
r-devel-macos-arm64 1.0 30.00 NOTE
r-devel-macos-x86_64 1.0 44.00 NOTE
r-devel-windows-x86_64 1.0 38.00 65.00 103.00 NOTE
r-patched-linux-x86_64 1.0 37.40 21.16 58.56 NOTE
r-release-linux-x86_64 1.0 39.06 21.06 60.12 NOTE
r-release-macos-arm64 1.0 32.00 NOTE
r-release-macos-x86_64 1.0 52.00 NOTE
r-release-windows-x86_64 1.0 40.00 67.00 107.00 NOTE
r-oldrel-macos-arm64 1.0 33.00 NOTE
r-oldrel-macos-x86_64 1.0 56.00 NOTE
r-oldrel-windows-x86_64 1.0 48.00 75.00 123.00 NOTE

Check Details

Version: 1.0
Check: C++ specification
Result: NOTE Specified C++11: please drop specification unless essential Flavors: r-devel-linux-x86_64-debian-clang, r-devel-linux-x86_64-debian-gcc, r-devel-linux-x86_64-fedora-clang, r-devel-linux-x86_64-fedora-gcc, r-devel-macos-arm64, r-devel-macos-x86_64, r-devel-windows-x86_64, r-patched-linux-x86_64, r-release-linux-x86_64, r-release-macos-arm64, r-release-macos-x86_64, r-release-windows-x86_64, r-oldrel-macos-arm64, r-oldrel-macos-x86_64, r-oldrel-windows-x86_64

mirror server hosted at Truenetwork, Russian Federation.