Last updated on 2025-05-12 00:50:01 CEST.
Flavor | Version | Tinstall | Tcheck | Ttotal | Status | Flags |
---|---|---|---|---|---|---|
r-devel-linux-x86_64-debian-clang | 1.2.1 | 35.55 | 55.64 | 91.19 | NOTE | |
r-devel-linux-x86_64-debian-gcc | 1.2.1 | 25.92 | 43.00 | 68.92 | NOTE | |
r-devel-linux-x86_64-fedora-clang | 1.2.1 | 155.91 | NOTE | |||
r-devel-linux-x86_64-fedora-gcc | 1.2.1 | 156.51 | NOTE | |||
r-devel-windows-x86_64 | 1.2.1 | 39.00 | 88.00 | 127.00 | NOTE | |
r-patched-linux-x86_64 | 1.2.1 | 37.87 | 53.74 | 91.61 | NOTE | |
r-release-linux-x86_64 | 1.2.1 | 36.29 | 53.61 | 89.90 | NOTE | |
r-release-macos-arm64 | 1.2.1 | 52.00 | NOTE | |||
r-release-macos-x86_64 | 1.2.1 | 78.00 | NOTE | |||
r-release-windows-x86_64 | 1.2.1 | 42.00 | 91.00 | 133.00 | NOTE | |
r-oldrel-macos-arm64 | 1.2.1 | 44.00 | NOTE | |||
r-oldrel-macos-x86_64 | 1.2.1 | 60.00 | NOTE | |||
r-oldrel-windows-x86_64 | 1.2.1 | 48.00 | 112.00 | 160.00 | NOTE |
Version: 1.2.1
Check: CRAN incoming feasibility
Result: NOTE
Maintainer: ‘Jiaqiang Zhu <jiaqiang@umich.edu>’
No Authors@R field in DESCRIPTION.
Please add one, modifying
Authors@R: c(person(given = "Shiquan",
family = "Sun",
role = "aut"),
person(given = "Jiaqiang",
family = "Zhu",
role = c("aut", "cre"),
email = "jiaqiang@umich.edu"),
person(given = "Xiang",
family = "Zhou",
role = "aut"))
as necessary.
Flavors: r-devel-linux-x86_64-debian-clang, r-devel-linux-x86_64-debian-gcc
Version: 1.2.1
Check: C++ specification
Result: NOTE
Specified C++11: please drop specification unless essential
Flavors: r-devel-linux-x86_64-debian-clang, r-devel-linux-x86_64-debian-gcc, r-devel-linux-x86_64-fedora-clang, r-devel-linux-x86_64-fedora-gcc, r-devel-windows-x86_64, r-patched-linux-x86_64, r-release-linux-x86_64, r-release-macos-arm64, r-release-macos-x86_64, r-release-windows-x86_64, r-oldrel-macos-arm64, r-oldrel-macos-x86_64, r-oldrel-windows-x86_64