CRAN Package Check Results for Package PRP

Last updated on 2025-07-13 00:48:35 CEST.

Flavor Version Tinstall Tcheck Ttotal Status Flags
r-devel-linux-x86_64-debian-clang 0.1.1 1.88 19.49 21.37 NOTE
r-devel-linux-x86_64-debian-gcc 0.1.1 1.57 16.16 17.73 NOTE
r-devel-linux-x86_64-fedora-clang 0.1.1 33.59 OK
r-devel-linux-x86_64-fedora-gcc 0.1.1 30.80 OK
r-devel-windows-x86_64 0.1.1 2.00 40.00 42.00 OK
r-patched-linux-x86_64 0.1.1 1.84 17.76 19.60 OK
r-release-linux-x86_64 0.1.1 1.77 17.62 19.39 OK
r-release-macos-arm64 0.1.1 19.00 OK
r-release-macos-x86_64 0.1.1 25.00 OK
r-release-windows-x86_64 0.1.1 2.00 44.00 46.00 OK
r-oldrel-macos-arm64 0.1.1 13.00 OK
r-oldrel-macos-x86_64 0.1.1 20.00 OK
r-oldrel-windows-x86_64 0.1.1 3.00 45.00 48.00 OK

Check Details

Version: 0.1.1
Check: CRAN incoming feasibility
Result: NOTE Maintainer: ‘Yi Zhao <zhayi@umich.edu>’ The Description field contains <arXiv:2105.03993>. Please refer to arXiv e-prints via their arXiv DOI <doi:10.48550/arXiv.YYMM.NNNNN>. Flavors: r-devel-linux-x86_64-debian-clang, r-devel-linux-x86_64-debian-gcc

mirror server hosted at Truenetwork, Russian Federation.