Last updated on 2025-05-24 18:50:10 CEST.
Flavor | Version | Tinstall | Tcheck | Ttotal | Status | Flags |
---|---|---|---|---|---|---|
r-devel-linux-x86_64-debian-clang | 0.2.0 | 7.12 | 44.19 | 51.31 | OK | |
r-devel-linux-x86_64-debian-gcc | 0.2.0 | 4.96 | 32.77 | 37.73 | OK | |
r-devel-linux-x86_64-fedora-clang | 0.2.0 | 84.17 | OK | |||
r-devel-linux-x86_64-fedora-gcc | 0.2.0 | 77.36 | OK | |||
r-devel-windows-x86_64 | 0.2.0 | 11.00 | 63.00 | 74.00 | OK | |
r-patched-linux-x86_64 | 0.2.0 | 7.63 | 42.06 | 49.69 | OK | |
r-release-linux-x86_64 | 0.2.0 | 6.45 | 41.93 | 48.38 | OK | |
r-release-macos-arm64 | 0.2.0 | 28.00 | OK | |||
r-release-macos-x86_64 | 0.2.0 | 60.00 | OK | |||
r-release-windows-x86_64 | 0.2.0 | 10.00 | 93.00 | 103.00 | OK | |
r-oldrel-macos-arm64 | 0.2.0 | 27.00 | NOTE | |||
r-oldrel-macos-x86_64 | 0.2.0 | 47.00 | NOTE | |||
r-oldrel-windows-x86_64 | 0.2.0 | 11.00 | 72.00 | 83.00 | OK |
Version: 0.2.0
Check: installed package size
Result: NOTE
installed size is 5.0Mb
sub-directories of 1Mb or more:
data 4.9Mb
Flavors: r-oldrel-macos-arm64, r-oldrel-macos-x86_64