Last updated on 2025-11-02 17:49:48 CET.
| Flavor | Version | Tinstall | Tcheck | Ttotal | Status | Flags |
|---|---|---|---|---|---|---|
| r-devel-linux-x86_64-debian-clang | 1.1.4 | 16.98 | 131.08 | 148.06 | OK | |
| r-devel-linux-x86_64-debian-gcc | 1.1.4 | 11.78 | 95.35 | 107.13 | OK | |
| r-devel-linux-x86_64-fedora-clang | 1.1.4 | 39.00 | 185.94 | 224.94 | NOTE | |
| r-devel-linux-x86_64-fedora-gcc | 1.1.4 | 119.00 | 135.80 | 254.80 | NOTE | |
| r-devel-windows-x86_64 | 1.1.4 | 17.00 | 117.00 | 134.00 | OK | |
| r-patched-linux-x86_64 | 1.1.4 | 15.41 | 121.70 | 137.11 | OK | |
| r-release-linux-x86_64 | 1.1.4 | 15.37 | 120.37 | 135.74 | OK | |
| r-release-macos-arm64 | 1.1.4 | 7.00 | 55.00 | 62.00 | OK | |
| r-release-macos-x86_64 | 1.1.4 | 12.00 | 106.00 | 118.00 | OK | |
| r-release-windows-x86_64 | 1.1.4 | 17.00 | 116.00 | 133.00 | OK | |
| r-oldrel-macos-arm64 | 1.1.4 | 6.00 | 61.00 | 67.00 | OK | |
| r-oldrel-macos-x86_64 | 1.1.4 | 12.00 | 123.00 | 135.00 | OK | |
| r-oldrel-windows-x86_64 | 1.1.4 | 26.00 | 151.00 | 177.00 | OK |
Version: 1.1.4
Check: dependencies in R code
Result: NOTE
Namespace in Imports field not imported from: ‘longpower’
All declared Imports should be used.
Flavors: r-devel-linux-x86_64-fedora-clang, r-devel-linux-x86_64-fedora-gcc