CRAN Package Check Results for Package PWIR

Last updated on 2025-05-28 06:51:35 CEST.

Flavor Version Tinstall Tcheck Ttotal Status Flags
r-devel-linux-x86_64-debian-clang 0.0.3 14.09 102.49 116.58 NOTE
r-devel-linux-x86_64-debian-gcc 0.0.3 10.09 76.93 87.02 NOTE
r-devel-linux-x86_64-fedora-clang 0.0.3 192.22 NOTE
r-devel-linux-x86_64-fedora-gcc 0.0.3 180.77 NOTE
r-devel-windows-x86_64 0.0.3 14.00 103.00 117.00 NOTE
r-patched-linux-x86_64 0.0.3 13.98 96.31 110.29 NOTE
r-release-linux-x86_64 0.0.3 12.64 96.44 109.08 NOTE
r-release-macos-arm64 0.0.3 50.00 OK
r-release-macos-x86_64 0.0.3 171.00 OK
r-release-windows-x86_64 0.0.3 14.00 104.00 118.00 NOTE
r-oldrel-macos-arm64 0.0.3 51.00 OK
r-oldrel-macos-x86_64 0.0.3 78.00 OK
r-oldrel-windows-x86_64 0.0.3 21.00 131.00 152.00 OK

Check Details

Version: 0.0.3
Check: Rd cross-references
Result: NOTE Found the following Rd file(s) with Rd \link{} targets missing package anchors: PWI.Rd: bibliometrix, convert2df PWI2.Rd: convert2df countries.Rd: biblioAnalysis Please provide package anchors for all Rd \link{} targets not in the package itself and the base packages. Flavors: r-devel-linux-x86_64-debian-clang, r-devel-linux-x86_64-debian-gcc, r-devel-windows-x86_64, r-patched-linux-x86_64, r-release-linux-x86_64, r-release-windows-x86_64

Version: 0.0.3
Check: dependencies in R code
Result: NOTE Namespace in Imports field not imported from: ‘progressr’ All declared Imports should be used. Flavors: r-devel-linux-x86_64-fedora-clang, r-devel-linux-x86_64-fedora-gcc

mirror server hosted at Truenetwork, Russian Federation.