Last updated on 2024-06-29 12:48:24 CEST.
Flavor | Version | Tinstall | Tcheck | Ttotal | Status | Flags |
---|---|---|---|---|---|---|
r-devel-linux-x86_64-debian-clang | 0.1.0 | 3.71 | 30.49 | 34.20 | NOTE | |
r-devel-linux-x86_64-debian-gcc | 0.1.0 | 3.00 | 22.85 | 25.85 | NOTE | |
r-devel-linux-x86_64-fedora-clang | 0.1.0 | 43.39 | NOTE | |||
r-devel-linux-x86_64-fedora-gcc | 0.1.0 | 41.03 | NOTE | |||
r-devel-windows-x86_64 | 0.1.0 | 4.00 | 45.00 | 49.00 | NOTE | |
r-patched-linux-x86_64 | 0.1.0 | 3.56 | 28.57 | 32.13 | NOTE | |
r-release-linux-x86_64 | 0.1.0 | 4.03 | 28.45 | 32.48 | NOTE | |
r-release-macos-arm64 | 0.1.0 | 18.00 | NOTE | |||
r-release-macos-x86_64 | 0.1.0 | 23.00 | NOTE | |||
r-release-windows-x86_64 | 0.1.0 | 4.00 | 44.00 | 48.00 | NOTE | |
r-oldrel-macos-arm64 | 0.1.0 | 18.00 | OK | |||
r-oldrel-macos-x86_64 | 0.1.0 | 26.00 | OK | |||
r-oldrel-windows-x86_64 | 0.1.0 | 4.00 | 48.00 | 52.00 | OK |
Version: 0.1.0
Check: Rd files
Result: NOTE
checkRd: (-1) MICS2014HH.Rd:214: Lost braces in \enumerate; meant \describe ?
checkRd: (-1) MICS2014HH.Rd:215: Lost braces in \enumerate; meant \describe ?
Flavors: r-devel-linux-x86_64-debian-clang, r-devel-linux-x86_64-debian-gcc, r-devel-linux-x86_64-fedora-clang, r-devel-linux-x86_64-fedora-gcc, r-devel-windows-x86_64, r-patched-linux-x86_64, r-release-linux-x86_64, r-release-macos-arm64, r-release-macos-x86_64, r-release-windows-x86_64
Version: 0.1.0
Check: dependencies in R code
Result: NOTE
Namespace in Imports field not imported from: ‘stats’
All declared Imports should be used.
Flavors: r-devel-linux-x86_64-fedora-clang, r-devel-linux-x86_64-fedora-gcc