Last updated on 2025-11-02 17:49:47 CET.
| Flavor | Version | Tinstall | Tcheck | Ttotal | Status | Flags |
|---|---|---|---|---|---|---|
| r-devel-linux-x86_64-debian-clang | 1.0.0 | 5.83 | 56.48 | 62.31 | NOTE | |
| r-devel-linux-x86_64-debian-gcc | 1.0.0 | 4.74 | 41.90 | 46.64 | NOTE | |
| r-devel-linux-x86_64-fedora-clang | 1.0.0 | 12.00 | 83.66 | 95.66 | OK | |
| r-devel-linux-x86_64-fedora-gcc | 1.0.0 | 13.00 | 76.36 | 89.36 | OK | |
| r-devel-windows-x86_64 | 1.0.0 | 7.00 | 69.00 | 76.00 | OK | |
| r-patched-linux-x86_64 | 1.0.0 | 5.78 | 53.50 | 59.28 | OK | |
| r-release-linux-x86_64 | 1.0.0 | 4.96 | 54.17 | 59.13 | OK | |
| r-release-macos-arm64 | 1.0.0 | 3.00 | 31.00 | 34.00 | OK | |
| r-release-macos-x86_64 | 1.0.0 | 6.00 | 55.00 | 61.00 | OK | |
| r-release-windows-x86_64 | 1.0.0 | 7.00 | 68.00 | 75.00 | OK | |
| r-oldrel-macos-arm64 | 1.0.0 | 3.00 | 27.00 | 30.00 | NOTE | |
| r-oldrel-macos-x86_64 | 1.0.0 | 5.00 | 60.00 | 65.00 | NOTE | |
| r-oldrel-windows-x86_64 | 1.0.0 | 9.00 | 83.00 | 92.00 | NOTE |
Version: 1.0.0
Check: CRAN incoming feasibility
Result: NOTE
Maintainer: ‘Yan Liu <yanliuresearch@gmail.com>’
The Description field contains
(2019) <arXiv:1912.11703>.
Please refer to arXiv e-prints via their arXiv DOI <doi:10.48550/arXiv.YYMM.NNNNN>.
Flavors: r-devel-linux-x86_64-debian-clang, r-devel-linux-x86_64-debian-gcc
Version: 1.0.0
Check: LazyData
Result: NOTE
'LazyData' is specified without a 'data' directory
Flavors: r-oldrel-macos-arm64, r-oldrel-macos-x86_64, r-oldrel-windows-x86_64