Last updated on 2025-11-03 23:50:26 CET.
| Flavor | Version | Tinstall | Tcheck | Ttotal | Status | Flags | 
|---|---|---|---|---|---|---|
| r-devel-linux-x86_64-debian-clang | 1.2.1 | 8.78 | 249.07 | 257.85 | OK | |
| r-devel-linux-x86_64-debian-gcc | 1.2.1 | 7.20 | 175.54 | 182.74 | OK | |
| r-devel-linux-x86_64-fedora-clang | 1.2.1 | 18.00 | 408.27 | 426.27 | OK | |
| r-devel-linux-x86_64-fedora-gcc | 1.2.1 | 22.00 | 418.22 | 440.22 | OK | |
| r-devel-windows-x86_64 | 1.2.1 | 11.00 | 253.00 | 264.00 | OK | |
| r-patched-linux-x86_64 | 1.2.1 | 8.45 | 244.04 | 252.49 | OK | |
| r-release-linux-x86_64 | 1.2.1 | 7.70 | 243.80 | 251.50 | OK | |
| r-release-macos-arm64 | 1.2.1 | 5.00 | 155.00 | 160.00 | OK | |
| r-release-macos-x86_64 | 1.2.1 | 9.00 | 305.00 | 314.00 | OK | |
| r-release-windows-x86_64 | 1.2.1 | 10.00 | 247.00 | 257.00 | OK | |
| r-oldrel-macos-arm64 | 1.2.1 | 5.00 | 141.00 | 146.00 | OK | |
| r-oldrel-macos-x86_64 | 1.2.1 | 7.00 | 211.00 | 218.00 | NOTE | |
| r-oldrel-windows-x86_64 | 1.2.1 | 15.00 | 316.00 | 331.00 | OK | 
Version: 1.2.1
Check: installed package size
Result: NOTE
    installed size is  5.4Mb
    sub-directories of 1Mb or more:
      data   3.4Mb
      doc    1.9Mb
Flavor: r-oldrel-macos-x86_64