Last updated on 2024-06-29 12:48:25 CEST.
Flavor | Version | Tinstall | Tcheck | Ttotal | Status | Flags |
---|---|---|---|---|---|---|
r-devel-linux-x86_64-debian-clang | 1.0.4 | 36.06 | 28.45 | 64.51 | NOTE | |
r-devel-linux-x86_64-debian-gcc | 1.0.4 | 22.39 | 21.95 | 44.34 | NOTE | |
r-devel-linux-x86_64-fedora-clang | 1.0.4 | 88.88 | NOTE | |||
r-devel-linux-x86_64-fedora-gcc | 1.0.4 | 88.06 | NOTE | |||
r-devel-windows-x86_64 | 1.0.4 | 26.00 | 61.00 | 87.00 | NOTE | |
r-patched-linux-x86_64 | 1.0.4 | 28.99 | 27.46 | 56.45 | NOTE | |
r-release-linux-x86_64 | 1.0.4 | 28.38 | 27.78 | 56.16 | NOTE | |
r-release-macos-arm64 | 1.0.4 | 25.00 | NOTE | |||
r-release-macos-x86_64 | 1.0.4 | 41.00 | NOTE | |||
r-release-windows-x86_64 | 1.0.4 | 27.00 | 62.00 | 89.00 | NOTE | |
r-oldrel-macos-arm64 | 1.0.4 | 28.00 | NOTE | |||
r-oldrel-macos-x86_64 | 1.0.4 | 41.00 | NOTE | |||
r-oldrel-windows-x86_64 | 1.0.4 | 35.00 | 70.00 | 105.00 | NOTE |
Version: 1.0.4
Check: LazyData
Result: NOTE
'LazyData' is specified without a 'data' directory
Flavors: r-devel-linux-x86_64-debian-clang, r-devel-linux-x86_64-debian-gcc, r-devel-linux-x86_64-fedora-clang, r-devel-linux-x86_64-fedora-gcc, r-devel-windows-x86_64, r-patched-linux-x86_64, r-release-linux-x86_64, r-release-macos-arm64, r-release-macos-x86_64, r-release-windows-x86_64, r-oldrel-macos-arm64, r-oldrel-macos-x86_64, r-oldrel-windows-x86_64