Last updated on 2024-06-27 00:56:11 CEST.
Flavor | Version | Tinstall | Tcheck | Ttotal | Status | Flags |
---|---|---|---|---|---|---|
r-devel-linux-x86_64-debian-clang | 1.7.2 | OK | ||||
r-devel-linux-x86_64-debian-gcc | 1.7.2 | 49.50 | 391.52 | 441.02 | OK | |
r-devel-linux-x86_64-fedora-clang | 1.7.2 | 732.04 | OK | |||
r-devel-linux-x86_64-fedora-gcc | 1.7.2 | 730.30 | OK | |||
r-devel-windows-x86_64 | 1.7.2 | 50.00 | 334.00 | 384.00 | OK | |
r-patched-linux-x86_64 | 1.7.2 | 49.25 | 501.26 | 550.51 | OK | |
r-release-linux-x86_64 | 1.7.2 | 51.50 | 500.66 | 552.16 | OK | |
r-release-macos-arm64 | 1.7.2 | 184.00 | OK | |||
r-release-macos-x86_64 | 1.7.2 | 280.00 | OK | |||
r-release-windows-x86_64 | 1.7.2 | 52.00 | 338.00 | 390.00 | OK | |
r-oldrel-macos-arm64 | 1.7.2 | 5.00 | ERROR | |||
r-oldrel-macos-x86_64 | 1.7.2 | 377.00 | OK | |||
r-oldrel-windows-x86_64 | 1.7.2 | 71.00 | 440.00 | 511.00 | OK |
Version: 1.7.2
Check: package dependencies
Result: ERROR
Package required but not available: ‘VariantAnnotation’
See section ‘The DESCRIPTION file’ in the ‘Writing R Extensions’
manual.
Flavor: r-oldrel-macos-arm64