Last updated on 2025-11-02 23:49:47 CET.
| Flavor | Version | Tinstall | Tcheck | Ttotal | Status | Flags |
|---|---|---|---|---|---|---|
| r-devel-linux-x86_64-debian-clang | 1.1 | 80.67 | 61.29 | 141.96 | OK | |
| r-devel-linux-x86_64-debian-gcc | 1.1 | 60.94 | 48.34 | 109.28 | OK | |
| r-devel-linux-x86_64-fedora-clang | 1.1 | 139.00 | 62.41 | 201.41 | OK | |
| r-devel-linux-x86_64-fedora-gcc | 1.1 | 182.00 | 55.57 | 237.57 | OK | |
| r-devel-windows-x86_64 | 1.1 | 65.00 | 89.00 | 154.00 | OK | |
| r-patched-linux-x86_64 | 1.1 | 74.44 | 60.06 | 134.50 | OK | |
| r-release-linux-x86_64 | 1.1 | 79.82 | 61.47 | 141.29 | OK | |
| r-release-macos-arm64 | 1.1 | 32.00 | 31.00 | 63.00 | OK | |
| r-release-macos-x86_64 | 1.1 | 68.00 | 52.00 | 120.00 | OK | |
| r-release-windows-x86_64 | 1.1 | 65.00 | 88.00 | 153.00 | OK | |
| r-oldrel-macos-arm64 | 1.1 | 29.00 | 25.00 | 54.00 | NOTE | |
| r-oldrel-macos-x86_64 | 1.1 | 45.00 | 41.00 | 86.00 | NOTE | |
| r-oldrel-windows-x86_64 | 1.1 | 81.00 | 113.00 | 194.00 | OK |
Version: 1.1
Check: installed package size
Result: NOTE
installed size is 20.8Mb
sub-directories of 1Mb or more:
libs 20.6Mb
Flavors: r-oldrel-macos-arm64, r-oldrel-macos-x86_64