Last updated on 2025-11-04 05:51:21 CET.
| Flavor | Version | Tinstall | Tcheck | Ttotal | Status | Flags | 
|---|---|---|---|---|---|---|
| r-devel-linux-x86_64-debian-clang | 0.1 | 1.69 | 18.96 | 20.65 | NOTE | |
| r-devel-linux-x86_64-debian-gcc | 0.1 | 1.44 | 15.70 | 17.14 | NOTE | |
| r-devel-linux-x86_64-fedora-clang | 0.1 | 30.38 | OK | |||
| r-devel-linux-x86_64-fedora-gcc | 0.1 | 28.87 | OK | |||
| r-devel-windows-x86_64 | 0.1 | 2.00 | 35.00 | 37.00 | OK | |
| r-patched-linux-x86_64 | 0.1 | 1.57 | 17.98 | 19.55 | OK | |
| r-release-linux-x86_64 | 0.1 | 1.62 | 17.80 | 19.42 | OK | |
| r-release-macos-arm64 | 0.1 | 1.00 | 17.00 | 18.00 | OK | |
| r-release-macos-x86_64 | 0.1 | 2.00 | 20.00 | 22.00 | OK | |
| r-release-windows-x86_64 | 0.1 | 2.00 | 33.00 | 35.00 | OK | |
| r-oldrel-macos-arm64 | 0.1 | 1.00 | 14.00 | 15.00 | OK | |
| r-oldrel-macos-x86_64 | 0.1 | 1.00 | 18.00 | 19.00 | OK | |
| r-oldrel-windows-x86_64 | 0.1 | 3.00 | 35.00 | 38.00 | OK | 
Version: 0.1
Check: CRAN incoming feasibility
Result: NOTE
  Maintainer: ‘Xuejun Ma <yinuoyumi@163.com>’
  
  No Authors@R field in DESCRIPTION.
  Please add one, modifying
    Authors@R: c(person(given = "Xuejun",
                        family = "Ma",
                        role = c("aut", "cre"),
                        email = "yinuoyumi@163.com"),
                 person(given = "Jingxiao",
                        family = "Zhang",
                        role = "aut"),
                 person(given = "Jingke",
                        family = "Zhou",
                        role = "aut"))
  as necessary.
Flavors: r-devel-linux-x86_64-debian-clang, r-devel-linux-x86_64-debian-gcc