Last updated on 2025-11-04 05:51:21 CET.
| Flavor | Version | Tinstall | Tcheck | Ttotal | Status | Flags | 
|---|---|---|---|---|---|---|
| r-devel-linux-x86_64-debian-clang | 2.1.1 | 25.71 | 99.71 | 125.42 | NOTE | |
| r-devel-linux-x86_64-debian-gcc | 2.1.1 | 18.42 | 69.88 | 88.30 | NOTE | |
| r-devel-linux-x86_64-fedora-clang | 2.1.1 | 59.00 | 141.92 | 200.92 | OK | |
| r-devel-linux-x86_64-fedora-gcc | 2.1.1 | 58.00 | 129.21 | 187.21 | OK | |
| r-devel-windows-x86_64 | 2.1.1 | 29.00 | 113.00 | 142.00 | OK | |
| r-patched-linux-x86_64 | 2.1.1 | 24.01 | 92.68 | 116.69 | OK | |
| r-release-linux-x86_64 | 2.1.1 | 24.06 | 92.04 | 116.10 | OK | |
| r-release-macos-arm64 | 2.1.1 | 12.00 | 44.00 | 56.00 | OK | |
| r-release-macos-x86_64 | 2.1.1 | 44.00 | 143.00 | 187.00 | OK | |
| r-release-windows-x86_64 | 2.1.1 | 26.00 | 110.00 | 136.00 | OK | |
| r-oldrel-macos-arm64 | 2.1.1 | 11.00 | 41.00 | 52.00 | OK | |
| r-oldrel-macos-x86_64 | 2.1.1 | 18.00 | 61.00 | 79.00 | OK | |
| r-oldrel-windows-x86_64 | 2.1.1 | 38.00 | 148.00 | 186.00 | OK | 
Version: 2.1.1
Check: CRAN incoming feasibility
Result: NOTE
  Maintainer: ‘Yuanming Zhang<soyzhang@mail.hzau.edu.cn>’
  
  No Authors@R field in DESCRIPTION.
  Please add one, modifying
    Authors@R: c(person(given = "Zhang",
                        family = "Ya-Wen",
                        role = "aut"),
                 person(given = "Wen",
                        family = "Yang-Jun",
                        role = "aut"),
                 person(given = "Wang",
                        family = "Shi-Bo",
                        role = "aut"),
                 person(given = "Zhang",
                        family = "Yuan-Ming",
                        role = "aut"),
                 person(given = "Yuanming",
                        family = "Zhang",
                        role = "cre",
                        email = "soyzhang@mail.hzau.edu.cn"))
  as necessary.
Flavors: r-devel-linux-x86_64-debian-clang, r-devel-linux-x86_64-debian-gcc