Last updated on 2024-06-27 00:56:12 CEST.
Flavor | Version | Tinstall | Tcheck | Ttotal | Status | Flags |
---|---|---|---|---|---|---|
r-devel-linux-x86_64-debian-clang | 1.2.2 | NOTE | ||||
r-devel-linux-x86_64-debian-gcc | 1.2.2 | 46.22 | 22.15 | 68.37 | NOTE | |
r-devel-linux-x86_64-fedora-clang | 1.2.2 | 115.32 | NOTE | |||
r-devel-linux-x86_64-fedora-gcc | 1.2.2 | 170.30 | NOTE | |||
r-devel-windows-x86_64 | 1.2.2 | 61.00 | 58.00 | 119.00 | NOTE | |
r-patched-linux-x86_64 | 1.2.2 | 72.64 | 28.46 | 101.10 | NOTE | |
r-release-linux-x86_64 | 1.2.2 | 71.76 | 28.08 | 99.84 | NOTE | |
r-release-macos-arm64 | 1.2.2 | 67.00 | NOTE | |||
r-release-macos-x86_64 | 1.2.2 | 155.00 | NOTE | |||
r-release-windows-x86_64 | 1.2.2 | 62.00 | 58.00 | 120.00 | NOTE | |
r-oldrel-macos-arm64 | 1.2.2 | 76.00 | NOTE | |||
r-oldrel-macos-x86_64 | 1.2.2 | 153.00 | NOTE | |||
r-oldrel-windows-x86_64 | 1.2.2 | 64.00 | 63.00 | 127.00 | NOTE |
Version: 1.2.2
Check: for GNU extensions in Makefiles
Result: NOTE
GNU make is a SystemRequirements.
Flavors: r-devel-linux-x86_64-debian-clang, r-devel-linux-x86_64-debian-gcc, r-devel-linux-x86_64-fedora-clang, r-devel-linux-x86_64-fedora-gcc, r-devel-windows-x86_64, r-patched-linux-x86_64, r-release-linux-x86_64, r-release-macos-arm64, r-release-macos-x86_64, r-release-windows-x86_64, r-oldrel-macos-arm64, r-oldrel-macos-x86_64, r-oldrel-windows-x86_64
Version: 1.2.2
Check: compiled code
Result: NOTE
File ‘QuickJSR/libs/QuickJSR.so’:
Found non-API call to R: ‘Rf_findVarInFrame3’
Compiled code should not call non-API entry points in R.
See ‘Writing portable packages’ in the ‘Writing R Extensions’ manual.
Flavors: r-devel-linux-x86_64-debian-clang, r-devel-linux-x86_64-debian-gcc, r-devel-linux-x86_64-fedora-clang, r-devel-linux-x86_64-fedora-gcc
Version: 1.2.2
Check: compiled code
Result: NOTE
File 'QuickJSR/libs/x64/QuickJSR.dll':
Found non-API call to R: 'Rf_findVarInFrame3'
Compiled code should not call non-API entry points in R.
See 'Writing portable packages' in the 'Writing R Extensions' manual.
Flavor: r-devel-windows-x86_64
Version: 1.2.2
Check: installed package size
Result: NOTE
installed size is 12.0Mb
sub-directories of 1Mb or more:
lib 5.3Mb
libs 6.0Mb
Flavors: r-release-macos-arm64, r-release-macos-x86_64, r-oldrel-macos-arm64, r-oldrel-macos-x86_64