Last updated on 2024-06-26 18:58:48 CEST.
Flavor | Version | Tinstall | Tcheck | Ttotal | Status | Flags |
---|---|---|---|---|---|---|
r-devel-linux-x86_64-debian-clang | 0.1.3 | OK | ||||
r-devel-linux-x86_64-debian-gcc | 0.1.3 | 6.50 | 112.32 | 118.82 | OK | |
r-devel-linux-x86_64-fedora-clang | 0.1.3 | 201.01 | NOTE | |||
r-devel-linux-x86_64-fedora-gcc | 0.1.3 | 189.64 | NOTE | |||
r-devel-windows-x86_64 | 0.1.3 | 12.00 | 121.00 | 133.00 | OK | |
r-patched-linux-x86_64 | 0.1.3 | 15.74 | 147.70 | 163.44 | OK | |
r-release-linux-x86_64 | 0.1.3 | 6.12 | 148.06 | 154.18 | OK | |
r-release-macos-arm64 | 0.1.3 | 57.00 | OK | |||
r-release-macos-x86_64 | 0.1.3 | 83.00 | OK | |||
r-release-windows-x86_64 | 0.1.3 | 13.00 | 126.00 | 139.00 | OK | |
r-oldrel-macos-arm64 | 0.1.3 | 62.00 | OK | |||
r-oldrel-macos-x86_64 | 0.1.3 | 110.00 | OK | |||
r-oldrel-windows-x86_64 | 0.1.3 | 16.00 | 153.00 | 169.00 | OK |
Version: 0.1.3
Check: dependencies in R code
Result: NOTE
Namespace in Imports field not imported from: ‘testthat’
All declared Imports should be used.
Flavors: r-devel-linux-x86_64-fedora-clang, r-devel-linux-x86_64-fedora-gcc