CRAN Package Check Results for Package RAMpath

Last updated on 2025-11-02 17:49:49 CET.

Flavor Version Tinstall Tcheck Ttotal Status Flags
r-devel-linux-x86_64-debian-clang 0.5.1 5.72 48.08 53.80 NOTE
r-devel-linux-x86_64-debian-gcc 0.5.1 3.36 34.68 38.04 NOTE
r-devel-linux-x86_64-fedora-clang 0.5.1 16.00 67.08 83.08 OK
r-devel-linux-x86_64-fedora-gcc 0.5.1 15.00 61.07 76.07 OK
r-devel-windows-x86_64 0.5.1 6.00 62.00 68.00 OK
r-patched-linux-x86_64 0.5.1 5.85 45.04 50.89 OK
r-release-linux-x86_64 0.5.1 5.47 45.05 50.52 OK
r-release-macos-arm64 0.5.1 2.00 24.00 26.00 OK
r-release-macos-x86_64 0.5.1 5.00 43.00 48.00 OK
r-release-windows-x86_64 0.5.1 6.00 60.00 66.00 OK
r-oldrel-macos-arm64 0.5.1 2.00 27.00 29.00 OK
r-oldrel-macos-x86_64 0.5.1 4.00 34.00 38.00 OK
r-oldrel-windows-x86_64 0.5.1 6.00 76.00 82.00 OK

Check Details

Version: 0.5.1
Check: CRAN incoming feasibility
Result: NOTE Maintainer: ‘Zhiyong Zhang <zzhang4@nd.edu>’ No Authors@R field in DESCRIPTION. Please add one, modifying Authors@R: c(person(given = "Zhiyong", family = "Zhang", role = c("aut", "cre"), email = "zzhang4@nd.edu"), person(given = "Jack", family = "McArdle", role = "aut"), person(given = "Aki", family = "Hamagami", role = "aut"), person(given = c("&", "Kevin"), family = "Grimm", role = "aut")) as necessary. Flavors: r-devel-linux-x86_64-debian-clang, r-devel-linux-x86_64-debian-gcc

mirror server hosted at Truenetwork, Russian Federation.