Last updated on 2025-11-04 05:51:21 CET.
| Flavor | Version | Tinstall | Tcheck | Ttotal | Status | Flags | 
|---|---|---|---|---|---|---|
| r-devel-linux-x86_64-debian-clang | 0.3.7 | 24.71 | 34.69 | 59.40 | NOTE | |
| r-devel-linux-x86_64-debian-gcc | 0.3.7 | 13.55 | 27.88 | 41.43 | NOTE | |
| r-devel-linux-x86_64-fedora-clang | 0.3.7 | 88.00 | 31.44 | 119.44 | NOTE | |
| r-devel-linux-x86_64-fedora-gcc | 0.3.7 | 59.00 | 28.36 | 87.36 | NOTE | |
| r-devel-windows-x86_64 | 0.3.7 | 32.00 | 59.00 | 91.00 | NOTE | |
| r-patched-linux-x86_64 | 0.3.7 | 21.80 | 33.06 | 54.86 | OK | |
| r-release-linux-x86_64 | 0.3.7 | 20.25 | 33.24 | 53.49 | OK | |
| r-release-macos-arm64 | 0.3.7 | 9.00 | 23.00 | 32.00 | OK | |
| r-release-macos-x86_64 | 0.3.7 | 15.00 | 42.00 | 57.00 | OK | |
| r-release-windows-x86_64 | 0.3.7 | 32.00 | 57.00 | 89.00 | OK | |
| r-oldrel-macos-arm64 | 0.3.7 | 10.00 | 20.00 | 30.00 | OK | |
| r-oldrel-macos-x86_64 | 0.3.7 | 17.00 | 54.00 | 71.00 | OK | |
| r-oldrel-windows-x86_64 | 0.3.7 | 38.00 | 68.00 | 106.00 | OK | 
Version: 0.3.7
Check: Rd files
Result: NOTE
  checkRd: (-1) RCALI-package.Rd:12-19: Only 2 columns allowed in this table (row 3 has 1)
  checkRd: (-1) RCALI-package.Rd:12-19: Only 2 columns allowed in this table (row 4 has 1)
Flavors: r-devel-linux-x86_64-debian-clang, r-devel-linux-x86_64-debian-gcc, r-devel-linux-x86_64-fedora-clang, r-devel-linux-x86_64-fedora-gcc, r-devel-windows-x86_64