Last updated on 2025-05-22 06:51:55 CEST.
Flavor | Version | Tinstall | Tcheck | Ttotal | Status | Flags |
---|---|---|---|---|---|---|
r-devel-linux-x86_64-debian-clang | 1.0.2 | 1.79 | 18.21 | 20.00 | NOTE | |
r-devel-linux-x86_64-debian-gcc | 1.0.2 | 1.37 | 14.80 | 16.17 | NOTE | |
r-devel-linux-x86_64-fedora-clang | 1.0.2 | 30.70 | OK | |||
r-devel-linux-x86_64-fedora-gcc | 1.0.2 | 28.97 | OK | |||
r-devel-windows-x86_64 | 1.0.2 | 4.00 | 56.00 | 60.00 | OK | |
r-patched-linux-x86_64 | 1.0.2 | 1.86 | 17.12 | 18.98 | OK | |
r-release-linux-x86_64 | 1.0.2 | 1.51 | 17.38 | 18.89 | OK | |
r-release-macos-arm64 | 1.0.2 | 13.00 | OK | |||
r-release-macos-x86_64 | 1.0.2 | 30.00 | OK | |||
r-release-windows-x86_64 | 1.0.2 | 4.00 | 81.00 | 85.00 | OK | |
r-oldrel-macos-arm64 | 1.0.2 | 12.00 | OK | |||
r-oldrel-macos-x86_64 | 1.0.2 | 19.00 | OK | |||
r-oldrel-windows-x86_64 | 1.0.2 | 4.00 | 43.00 | 47.00 | OK |
Version: 1.0.2
Check: CRAN incoming feasibility
Result: NOTE
Maintainer: ‘Johannes Burkhardt <johannes.burkhardt@gmail.com>’
No Authors@R field in DESCRIPTION.
Please add one, modifying
Authors@R: person(given = "Johannes",
family = "Burkhardt",
role = c("aut", "cre"),
email = "johannes.burkhardt@gmail.com")
as necessary.
Flavors: r-devel-linux-x86_64-debian-clang, r-devel-linux-x86_64-debian-gcc