CRAN Package Check Results for Package RFormatter

Last updated on 2025-11-03 17:50:00 CET.

Flavor Version Tinstall Tcheck Ttotal Status Flags
r-devel-linux-x86_64-debian-clang 0.1.1 1.50 19.84 21.34 OK
r-devel-linux-x86_64-debian-gcc 0.1.1 1.40 16.33 17.73 OK
r-devel-linux-x86_64-fedora-clang 0.1.1 32.07 OK
r-devel-linux-x86_64-fedora-gcc 0.1.1 30.01 OK
r-devel-windows-x86_64 0.1.1 3.00 39.00 42.00 OK
r-patched-linux-x86_64 0.1.1 1.62 18.78 20.40 OK
r-release-linux-x86_64 0.1.1 1.48 18.70 20.18 OK
r-release-macos-arm64 0.1.1 1.00 14.00 15.00 OK
r-release-macos-x86_64 0.1.1 2.00 22.00 24.00 OK
r-release-windows-x86_64 0.1.1 3.00 37.00 40.00 OK
r-oldrel-macos-arm64 0.1.1 1.00 14.00 15.00 NOTE
r-oldrel-macos-x86_64 0.1.1 1.00 20.00 21.00 NOTE
r-oldrel-windows-x86_64 0.1.1 3.00 44.00 47.00 NOTE

Check Details

Version: 0.1.1
Check: LazyData
Result: NOTE 'LazyData' is specified without a 'data' directory Flavors: r-oldrel-macos-arm64, r-oldrel-macos-x86_64, r-oldrel-windows-x86_64

mirror server hosted at Truenetwork, Russian Federation.