CRAN Package Check Results for Package RGCxGC

Last updated on 2025-07-13 00:48:37 CEST.

Flavor Version Tinstall Tcheck Ttotal Status Flags
r-devel-linux-x86_64-debian-clang 1.2.0 6.44 105.43 111.87 NOTE
r-devel-linux-x86_64-debian-gcc 1.2.0 5.14 72.37 77.51 NOTE
r-devel-linux-x86_64-fedora-clang 1.2.0 179.03 OK
r-devel-linux-x86_64-fedora-gcc 1.2.0 196.14 OK
r-devel-windows-x86_64 1.2.0 9.00 129.00 138.00 OK
r-patched-linux-x86_64 1.2.0 7.11 97.92 105.03 OK
r-release-linux-x86_64 1.2.0 7.49 99.14 106.63 OK
r-release-macos-arm64 1.2.0 72.00 OK
r-release-macos-x86_64 1.2.0 111.00 OK
r-release-windows-x86_64 1.2.0 10.00 136.00 146.00 OK
r-oldrel-macos-arm64 1.2.0 56.00 NOTE
r-oldrel-macos-x86_64 1.2.0 87.00 NOTE
r-oldrel-windows-x86_64 1.2.0 13.00 159.00 172.00 NOTE

Check Details

Version: 1.2.0
Check: CRAN incoming feasibility
Result: NOTE Maintainer: ‘Cristian Quiroz-Moreno <cristianquirozd1997@gmail.com>’ Package CITATION file contains call(s) to old-style citEntry(). Please use bibentry() instead. Flavors: r-devel-linux-x86_64-debian-clang, r-devel-linux-x86_64-debian-gcc

Version: 1.2.0
Check: installed package size
Result: NOTE installed size is 5.4Mb sub-directories of 1Mb or more: data 1.9Mb doc 1.2Mb extdata 1.9Mb Flavors: r-oldrel-macos-arm64, r-oldrel-macos-x86_64, r-oldrel-windows-x86_64

mirror server hosted at Truenetwork, Russian Federation.