Last updated on 2025-11-22 05:48:46 CET.
| Flavor | Version | Tinstall | Tcheck | Ttotal | Status | Flags |
|---|---|---|---|---|---|---|
| r-devel-linux-x86_64-debian-clang | 1.0 | 7.13 | 66.12 | 73.25 | NOTE | |
| r-devel-linux-x86_64-debian-gcc | 1.0 | 4.77 | 48.84 | 53.61 | NOTE | |
| r-devel-linux-x86_64-fedora-clang | 1.0 | 14.00 | 96.78 | 110.78 | OK | |
| r-devel-windows-x86_64 | 1.0 | 9.00 | 73.00 | 82.00 | OK | |
| r-patched-linux-x86_64 | 1.0 | 5.86 | 63.19 | 69.05 | OK | |
| r-release-linux-x86_64 | 1.0 | 5.43 | 62.73 | 68.16 | OK | |
| r-release-macos-arm64 | 1.0 | OK | ||||
| r-release-macos-x86_64 | 1.0 | 6.00 | 56.00 | 62.00 | OK | |
| r-release-windows-x86_64 | 1.0 | 8.00 | 91.00 | 99.00 | OK | |
| r-oldrel-macos-arm64 | 1.0 | OK | ||||
| r-oldrel-macos-x86_64 | 1.0 | 5.00 | 52.00 | 57.00 | OK | |
| r-oldrel-windows-x86_64 | 1.0 | 10.00 | 86.00 | 96.00 | OK |
Version: 1.0
Check: CRAN incoming feasibility
Result: NOTE
Maintainer: ‘Jose Miguel Cotes Torres <jmcotes@unal.edu.co>’
No Authors@R field in DESCRIPTION.
Please add one, modifying
Authors@R: c(person(given = c("Jose", "Miguel", "Cotes", "Torres.", "Universidad", "Nacional", "de", "Colombia", "-", "Sede"),
family = "Medellin",
role = "aut"),
person(given = c("Jose", "Miguel", "Cotes"),
family = "Torres",
role = "cre",
email = "jmcotes@unal.edu.co"))
as necessary.
Flavors: r-devel-linux-x86_64-debian-clang, r-devel-linux-x86_64-debian-gcc