CRAN Package Check Results for Package RImagePalette

Last updated on 2025-07-13 00:48:37 CEST.

Flavor Version Tinstall Tcheck Ttotal Status Flags
r-devel-linux-x86_64-debian-clang 0.1.1 4.68 44.38 49.06 NOTE
r-devel-linux-x86_64-debian-gcc 0.1.1 3.31 32.74 36.05 NOTE
r-devel-linux-x86_64-fedora-clang 0.1.1 73.79 OK
r-devel-linux-x86_64-fedora-gcc 0.1.1 69.68 OK
r-devel-windows-x86_64 0.1.1 6.00 59.00 65.00 OK
r-patched-linux-x86_64 0.1.1 4.78 40.36 45.14 OK
r-release-linux-x86_64 0.1.1 4.81 40.06 44.87 OK
r-release-macos-arm64 0.1.1 23.00 OK
r-release-macos-x86_64 0.1.1 39.00 OK
r-release-windows-x86_64 0.1.1 6.00 56.00 62.00 OK
r-oldrel-macos-arm64 0.1.1 24.00 NOTE
r-oldrel-macos-x86_64 0.1.1 41.00 NOTE
r-oldrel-windows-x86_64 0.1.1 8.00 72.00 80.00 NOTE

Check Details

Version: 0.1.1
Check: CRAN incoming feasibility
Result: NOTE Maintainer: ‘Joel Carlson <jnkcarlson@gmail.com>’ No Authors@R field in DESCRIPTION. Please add one, modifying Authors@R: person(given = "Joel", family = "Carlson", role = c("aut", "cre"), email = "jnkcarlson@gmail.com") as necessary. Flavors: r-devel-linux-x86_64-debian-clang, r-devel-linux-x86_64-debian-gcc

Version: 0.1.1
Check: LazyData
Result: NOTE 'LazyData' is specified without a 'data' directory Flavors: r-oldrel-macos-arm64, r-oldrel-macos-x86_64, r-oldrel-windows-x86_64

mirror server hosted at Truenetwork, Russian Federation.