CRAN Package Check Results for Package RJSplot

Last updated on 2025-11-24 17:50:12 CET.

Flavor Version Tinstall Tcheck Ttotal Status Flags
r-devel-linux-x86_64-debian-clang 2.7 3.17 29.71 32.88 NOTE
r-devel-linux-x86_64-debian-gcc 2.7 2.15 22.87 25.02 NOTE
r-devel-linux-x86_64-fedora-clang 2.7 47.50 OK
r-devel-linux-x86_64-fedora-gcc 2.7 44.61 OK
r-devel-windows-x86_64 2.7 8.00 50.00 58.00 OK
r-patched-linux-x86_64 2.7 4.18 26.59 30.77 OK
r-release-linux-x86_64 2.7 2.97 26.45 29.42 OK
r-release-macos-arm64 2.7 OK
r-release-macos-x86_64 2.7 3.00 28.00 31.00 OK
r-release-windows-x86_64 2.7 5.00 63.00 68.00 OK
r-oldrel-macos-arm64 2.7 OK
r-oldrel-macos-x86_64 2.7 3.00 26.00 29.00 OK
r-oldrel-windows-x86_64 2.7 4.00 56.00 60.00 OK

Check Details

Version: 2.7
Check: CRAN incoming feasibility
Result: NOTE Maintainer: ‘Carlos Prieto <cprietos@usal.es>’ No Authors@R field in DESCRIPTION. Please add one, modifying Authors@R: c(person(given = "Carlos", family = "Prieto", role = c("aut", "cre"), email = "cprietos@usal.es"), person(given = "David", family = "Barrios", role = "aut", email = "metal@usal.es")) as necessary. Package CITATION file contains call(s) to old-style personList() or as.personList(). Please use c() on person objects instead. Package CITATION file contains call(s) to old-style citEntry(). Please use bibentry() instead. Flavors: r-devel-linux-x86_64-debian-clang, r-devel-linux-x86_64-debian-gcc

mirror server hosted at Truenetwork, Russian Federation.