Last updated on 2025-05-08 18:51:42 CEST.
Flavor | Version | Tinstall | Tcheck | Ttotal | Status | Flags |
---|---|---|---|---|---|---|
r-devel-linux-x86_64-debian-clang | 2.7 | 3.26 | 26.17 | 29.43 | NOTE | |
r-devel-linux-x86_64-debian-gcc | 2.7 | 2.23 | 19.70 | 21.93 | NOTE | |
r-devel-linux-x86_64-fedora-clang | 2.7 | 44.06 | OK | |||
r-devel-linux-x86_64-fedora-gcc | 2.7 | 42.73 | OK | |||
r-devel-windows-x86_64 | 2.7 | 5.00 | 49.00 | 54.00 | OK | |
r-patched-linux-x86_64 | 2.7 | 4.22 | 24.54 | 28.76 | OK | |
r-release-linux-x86_64 | 2.7 | 3.10 | 24.65 | 27.75 | OK | |
r-release-macos-arm64 | 2.7 | 19.00 | OK | |||
r-release-macos-x86_64 | 2.7 | 31.00 | OK | |||
r-release-windows-x86_64 | 2.7 | 4.00 | 54.00 | 58.00 | OK | |
r-oldrel-macos-arm64 | 2.7 | 16.00 | OK | |||
r-oldrel-macos-x86_64 | 2.7 | 29.00 | OK | |||
r-oldrel-windows-x86_64 | 2.7 | 5.00 | 56.00 | 61.00 | OK |
Version: 2.7
Check: CRAN incoming feasibility
Result: NOTE
Maintainer: ‘Carlos Prieto <cprietos@usal.es>’
No Authors@R field in DESCRIPTION.
Please add one, modifying
Authors@R: c(person(given = "Carlos",
family = "Prieto",
role = c("aut", "cre"),
email = "cprietos@usal.es"),
person(given = "David",
family = "Barrios",
role = "aut",
email = "metal@usal.es"))
as necessary.
Package CITATION file contains call(s) to old-style personList() or
as.personList(). Please use c() on person objects instead.
Package CITATION file contains call(s) to old-style citEntry(). Please
use bibentry() instead.
Flavors: r-devel-linux-x86_64-debian-clang, r-devel-linux-x86_64-debian-gcc