Last updated on 2025-11-02 23:49:50 CET.
| Flavor | Version | Tinstall | Tcheck | Ttotal | Status | Flags |
|---|---|---|---|---|---|---|
| r-devel-linux-x86_64-debian-clang | 1.3.4 | 95.99 | 352.26 | 448.25 | OK | |
| r-devel-linux-x86_64-debian-gcc | 1.3.4 | 50.15 | 249.77 | 299.92 | OK | |
| r-devel-linux-x86_64-fedora-clang | 1.3.4 | 204.00 | 535.98 | 739.98 | NOTE | |
| r-devel-linux-x86_64-fedora-gcc | 1.3.4 | 192.00 | 513.46 | 705.46 | NOTE | |
| r-devel-windows-x86_64 | 1.3.4 | 97.00 | 451.00 | 548.00 | OK | |
| r-patched-linux-x86_64 | 1.3.4 | 92.10 | 336.67 | 428.77 | OK | |
| r-release-linux-x86_64 | 1.3.4 | 89.60 | 339.20 | 428.80 | OK | |
| r-release-macos-arm64 | 1.3.4 | 65.00 | 205.00 | 270.00 | OK | |
| r-release-macos-x86_64 | 1.3.4 | 136.00 | 333.00 | 469.00 | OK | |
| r-release-windows-x86_64 | 1.3.4 | 103.00 | 429.00 | 532.00 | OK | |
| r-oldrel-macos-arm64 | 1.3.4 | 78.00 | 178.00 | 256.00 | NOTE | |
| r-oldrel-macos-x86_64 | 1.3.4 | 116.00 | 258.00 | 374.00 | NOTE | |
| r-oldrel-windows-x86_64 | 1.3.4 | 132.00 | 574.00 | 706.00 | NOTE |
Version: 1.3.4
Check: dependencies in R code
Result: NOTE
Namespaces in Imports field not imported from:
‘Matrix’ ‘arules’ ‘pmml’ ‘rJava’
All declared Imports should be used.
Flavors: r-devel-linux-x86_64-fedora-clang, r-devel-linux-x86_64-fedora-gcc
Version: 1.3.4
Check: installed package size
Result: NOTE
installed size is 28.3Mb
sub-directories of 1Mb or more:
R 4.0Mb
exe 23.8Mb
Flavors: r-oldrel-macos-arm64, r-oldrel-macos-x86_64, r-oldrel-windows-x86_64