Last updated on 2024-06-30 00:59:24 CEST.
Flavor | Version | Tinstall | Tcheck | Ttotal | Status | Flags |
---|---|---|---|---|---|---|
r-devel-linux-x86_64-debian-clang | 1.1.1 | 168.88 | 49.90 | 218.78 | OK | |
r-devel-linux-x86_64-debian-gcc | 1.1.1 | 116.89 | 37.82 | 154.71 | OK | |
r-devel-linux-x86_64-fedora-clang | 1.1.1 | 372.37 | OK | |||
r-devel-linux-x86_64-fedora-gcc | 1.1.1 | 346.39 | OK | |||
r-devel-windows-x86_64 | 1.1.1 | 139.00 | 85.00 | 224.00 | OK | |
r-patched-linux-x86_64 | 1.1.1 | 144.89 | 49.50 | 194.39 | OK | |
r-release-linux-x86_64 | 1.1.1 | 109.66 | 49.43 | 159.09 | OK | |
r-release-macos-arm64 | 1.1.1 | 68.00 | NOTE | |||
r-release-macos-x86_64 | 1.1.1 | 101.00 | NOTE | |||
r-release-windows-x86_64 | 1.1.1 | 145.00 | 80.00 | 225.00 | OK | |
r-oldrel-macos-arm64 | 1.1.1 | 96.00 | NOTE | |||
r-oldrel-macos-x86_64 | 1.1.1 | 84.00 | NOTE | |||
r-oldrel-windows-x86_64 | 1.1.1 | 175.00 | 92.00 | 267.00 | OK |
Version: 1.1.1
Check: installed package size
Result: NOTE
installed size is 5.9Mb
sub-directories of 1Mb or more:
libs 5.8Mb
Flavors: r-release-macos-arm64, r-release-macos-x86_64, r-oldrel-macos-arm64, r-oldrel-macos-x86_64