Last updated on 2025-07-12 18:49:51 CEST.
Flavor | Version | Tinstall | Tcheck | Ttotal | Status | Flags |
---|---|---|---|---|---|---|
r-devel-linux-x86_64-debian-clang | 1.1 | 2.90 | 29.61 | 32.51 | NOTE | |
r-devel-linux-x86_64-debian-gcc | 1.1 | 1.90 | 22.87 | 24.77 | NOTE | |
r-devel-linux-x86_64-fedora-clang | 1.1 | 49.64 | OK | |||
r-devel-linux-x86_64-fedora-gcc | 1.1 | 48.32 | OK | |||
r-devel-windows-x86_64 | 1.1 | 4.00 | 51.00 | 55.00 | OK | |
r-patched-linux-x86_64 | 1.1 | 3.29 | 27.49 | 30.78 | OK | |
r-release-linux-x86_64 | 1.1 | 2.93 | 27.75 | 30.68 | OK | |
r-release-macos-arm64 | 1.1 | 18.00 | OK | |||
r-release-macos-x86_64 | 1.1 | 41.00 | OK | |||
r-release-windows-x86_64 | 1.1 | 4.00 | 53.00 | 57.00 | OK | |
r-oldrel-macos-arm64 | 1.1 | 22.00 | OK | |||
r-oldrel-macos-x86_64 | 1.1 | 35.00 | OK | |||
r-oldrel-windows-x86_64 | 1.1 | 5.00 | 56.00 | 61.00 | OK |
Version: 1.1
Check: CRAN incoming feasibility
Result: NOTE
Maintainer: ‘Uwe Menzel <uwemenzel@gmail.com>’
No Authors@R field in DESCRIPTION.
Please add one, modifying
Authors@R: person(given = "Uwe",
family = "Menzel",
role = c("aut", "cre"),
email = "uwemenzel@gmail.com")
as necessary.
Flavors: r-devel-linux-x86_64-debian-clang, r-devel-linux-x86_64-debian-gcc