CRAN Package Check Results for Package RMixtCompIO

Last updated on 2025-11-24 11:50:18 CET.

Flavor Version Tinstall Tcheck Ttotal Status Flags
r-devel-linux-x86_64-debian-clang 4.0.11 279.06 125.16 404.22 OK
r-devel-linux-x86_64-debian-gcc 4.0.11 186.84 122.63 309.47 OK
r-devel-linux-x86_64-fedora-clang 4.0.11 341.00 400.45 741.45 OK
r-devel-windows-x86_64 4.0.11 345.00 226.00 571.00 NOTE
r-patched-linux-x86_64 4.0.11 279.61 126.22 405.83 OK
r-release-linux-x86_64 4.0.11 272.72 126.53 399.25 OK
r-release-macos-arm64 4.0.11 OK
r-release-macos-x86_64 4.0.11 72.00 136.00 208.00 OK
r-release-windows-x86_64 4.0.11 316.00 216.00 532.00 OK
r-oldrel-macos-arm64 4.0.11 NOTE
r-oldrel-macos-x86_64 4.0.11 75.00 119.00 194.00 NOTE
r-oldrel-windows-x86_64 4.0.11 360.00 241.00 601.00 OK

Check Details

Version: 4.0.11
Check: Rd files
Result: NOTE checkRd: (-1) rmcMultiRun.Rd:178-205: Only 3 columns allowed in this table (row 1 has 1) checkRd: (-1) rmcMultiRun.Rd:178-205: Only 3 columns allowed in this table (row 14 has 1) checkRd: (-1) rmcMultiRun.Rd:206-245: Only 6 columns allowed in this table (row 1 has 1) checkRd: (-1) rmcMultiRun.Rd:206-245: Only 6 columns allowed in this table (row 2 has 4) checkRd: (-1) rmcMultiRun.Rd:206-245: Only 6 columns allowed in this table (row 3 has 4) checkRd: (-1) rmcMultiRun.Rd:206-245: Only 6 columns allowed in this table (row 4 has 4) checkRd: (-1) rmcMultiRun.Rd:206-245: Only 6 columns allowed in this table (row 5 has 4) checkRd: (-1) rmcMultiRun.Rd:206-245: Only 6 columns allowed in this table (row 6 has 4) checkRd: (-1) rmcMultiRun.Rd:206-245: Only 6 columns allowed in this table (row 7 has 5) checkRd: (-1) rmcMultiRun.Rd:206-245: Only 6 columns allowed in this table (row 8 has 5) checkRd: (-1) rmcMultiRun.Rd:206-245: Only 6 columns allowed in this table (row 9 has 5) checkRd: (-1) rmcMultiRun.Rd:206-245: Only 6 columns allowed in this table (row 10 has 5) checkRd: (-1) rmcMultiRun.Rd:206-245: Only 6 columns allowed in this table (row 11 has 5) checkRd: (-1) rmcMultiRun.Rd:206-245: Only 6 columns allowed in this table (row 12 has 5) checkRd: (-1) rmcMultiRun.Rd:206-245: Only 6 columns allowed in this table (row 13 has 5) checkRd: (-1) rmcMultiRun.Rd:206-245: Only 6 columns allowed in this table (row 14 has 4) checkRd: (-1) rmcMultiRun.Rd:206-245: Only 6 columns allowed in this table (row 15 has 5) checkRd: (-1) rmcMultiRun.Rd:206-245: Only 6 columns allowed in this table (row 16 has 5) checkRd: (-1) rmcMultiRun.Rd:206-245: Only 6 columns allowed in this table (row 17 has 5) checkRd: (-1) rmcMultiRun.Rd:206-245: Only 6 columns allowed in this table (row 24 has 5) checkRd: (-1) rmcMultiRun.Rd:206-245: Only 6 columns allowed in this table (row 29 has 5) checkRd: (-1) rmcMultiRun.Rd:206-245: Only 6 columns allowed in this table (row 31 has 5) checkRd: (-1) rmcMultiRun.Rd:206-245: Only 6 columns allowed in this table (row 32 has 5) checkRd: (-1) rmcMultiRun.Rd:206-245: Only 6 columns allowed in this table (row 33 has 5) checkRd: (-1) rmcMultiRun.Rd:206-245: Only 6 columns allowed in this table (row 34 has 5) checkRd: (-1) rmcMultiRun.Rd:206-245: Only 6 columns allowed in this table (row 35 has 5) checkRd: (-1) rmcMultiRun.Rd:206-245: Only 6 columns allowed in this table (row 36 has 5) checkRd: (-1) rmcMultiRun.Rd:206-245: Only 6 columns allowed in this table (row 37 has 4) Flavor: r-devel-windows-x86_64

Version: 4.0.11
Check: installed package size
Result: NOTE installed size is 30.5Mb sub-directories of 1Mb or more: libs 30.3Mb Flavors: r-oldrel-macos-arm64, r-oldrel-macos-x86_64

mirror server hosted at Truenetwork, Russian Federation.