CRAN Package Check Results for Package RODBC

Last updated on 2025-11-24 11:50:18 CET.

Flavor Version Tinstall Tcheck Ttotal Status Flags
r-devel-linux-x86_64-debian-clang 1.3-26 6.26 39.84 46.10 OK
r-devel-linux-x86_64-debian-gcc 1.3-26 5.16 30.86 36.02 OK
r-devel-linux-x86_64-fedora-clang 1.3-26 15.00 53.07 68.07 OK
r-devel-windows-x86_64 1.3-26 16.00 67.00 83.00 OK
r-patched-linux-x86_64 1.3-26 6.20 36.43 42.63 OK
r-release-linux-x86_64 1.3-26 5.45 36.66 42.11 OK
r-release-macos-arm64 1.3-26 OK
r-release-macos-x86_64 1.3-26 19.00 50.00 69.00 OK
r-release-windows-x86_64 1.3-26 15.00 64.00 79.00 OK
r-oldrel-macos-arm64 1.3-26 OK
r-oldrel-macos-x86_64 1.3-26 28.00 97.00 125.00 OK
r-oldrel-windows-x86_64 1.3-23 18.00 76.00 94.00 WARN

Check Details

Version: 1.3-23
Check: whether package can be installed
Result: WARN Found the following significant warnings: RODBC.c:294:31: warning: format '%d' expects argument of type 'int', but argument 3 has type 'SQLINTEGER' {aka 'long int'} [-Wformat=] RODBC.c:1078:59: warning: format '%lu' expects argument of type 'long unsigned int', but argument 4 has type 'SQLULEN' {aka 'long long unsigned int'} [-Wformat=] See 'd:/Rcompile/CRANpkg/local/4.4/RODBC.Rcheck/00install.out' for details. * used C compiler: 'gcc.exe (GCC) 13.2.0' Flavor: r-oldrel-windows-x86_64

mirror server hosted at Truenetwork, Russian Federation.