Last updated on 2025-11-24 11:50:18 CET.
| Flavor | Version | Tinstall | Tcheck | Ttotal | Status | Flags |
|---|---|---|---|---|---|---|
| r-devel-linux-x86_64-debian-clang | 0.0-4 | 2.24 | 25.61 | 27.85 | NOTE | |
| r-devel-linux-x86_64-debian-gcc | 0.0-4 | 1.66 | 20.44 | 22.10 | NOTE | |
| r-devel-linux-x86_64-fedora-clang | 0.0-4 | 41.52 | OK | |||
| r-devel-windows-x86_64 | 0.0-4 | 5.00 | 42.00 | 47.00 | OK | |
| r-patched-linux-x86_64 | 0.0-4 | 2.54 | 23.72 | 26.26 | OK | |
| r-release-linux-x86_64 | 0.0-4 | 2.19 | 23.67 | 25.86 | OK | |
| r-release-macos-arm64 | 0.0-4 | OK | ||||
| r-release-macos-x86_64 | 0.0-4 | 2.00 | 26.00 | 28.00 | OK | |
| r-release-windows-x86_64 | 0.0-4 | 4.00 | 57.00 | 61.00 | OK | |
| r-oldrel-macos-arm64 | 0.0-4 | OK | ||||
| r-oldrel-macos-x86_64 | 0.0-4 | 2.00 | 21.00 | 23.00 | OK | |
| r-oldrel-windows-x86_64 | 0.0-4 | 4.00 | 50.00 | 54.00 | OK |
Version: 0.0-4
Check: CRAN incoming feasibility
Result: NOTE
Maintainer: ‘Nicola Lunardon <nicola.lunardon@unimib.it>’
No Authors@R field in DESCRIPTION.
Please add one, modifying
Authors@R: c(person(given = "Nicola",
family = "Lunardon",
role = c("aut", "cre"),
email = "nicola.lunardon@unimib.it"),
person(given = "Giovanna",
family = "Menardi",
role = "aut"),
person(given = "Nicola",
family = "Torelli",
role = "aut"))
as necessary.
Package CITATION file contains call(s) to old-style personList() or
as.personList(). Please use c() on person objects instead.
Package CITATION file contains call(s) to old-style citEntry(). Please
use bibentry() instead.
Flavors: r-devel-linux-x86_64-debian-clang, r-devel-linux-x86_64-debian-gcc