Last updated on 2024-06-27 12:49:20 CEST.
Flavor | Version | Tinstall | Tcheck | Ttotal | Status | Flags |
---|---|---|---|---|---|---|
r-devel-linux-x86_64-debian-clang | 0.2.3 | NOTE | ||||
r-devel-linux-x86_64-debian-gcc | 0.2.3 | 19.37 | 26.30 | 45.67 | NOTE | |
r-devel-linux-x86_64-fedora-clang | 0.2.3 | 95.18 | NOTE | |||
r-devel-linux-x86_64-fedora-gcc | 0.2.3 | 87.15 | NOTE | |||
r-devel-windows-x86_64 | 0.2.3 | 25.00 | 64.00 | 89.00 | NOTE | |
r-patched-linux-x86_64 | 0.2.3 | 24.60 | 32.05 | 56.65 | NOTE | |
r-release-linux-x86_64 | 0.2.3 | 24.94 | 32.98 | 57.92 | NOTE | |
r-release-macos-arm64 | 0.2.3 | 25.00 | NOTE | |||
r-release-macos-x86_64 | 0.2.3 | 62.00 | NOTE | |||
r-release-windows-x86_64 | 0.2.3 | 26.00 | 70.00 | 96.00 | NOTE | |
r-oldrel-macos-arm64 | 0.2.3 | 30.00 | NOTE | |||
r-oldrel-macos-x86_64 | 0.2.3 | 45.00 | NOTE | |||
r-oldrel-windows-x86_64 | 0.2.3 | 30.00 | 73.00 | 103.00 | NOTE |
Version: 0.2.3
Check: C++ specification
Result: NOTE
Specified C++11: please drop specification unless essential
Flavors: r-devel-linux-x86_64-debian-clang, r-devel-linux-x86_64-debian-gcc, r-devel-linux-x86_64-fedora-clang, r-devel-linux-x86_64-fedora-gcc, r-devel-windows-x86_64, r-patched-linux-x86_64, r-release-linux-x86_64, r-release-macos-arm64, r-release-macos-x86_64, r-release-windows-x86_64, r-oldrel-macos-arm64, r-oldrel-macos-x86_64, r-oldrel-windows-x86_64