CRAN Package Check Results for Package RPEnsemble

Last updated on 2025-11-02 11:50:34 CET.

Flavor Version Tinstall Tcheck Ttotal Status Flags
r-devel-linux-x86_64-debian-clang 0.5 2.54 25.67 28.21 NOTE
r-devel-linux-x86_64-debian-gcc 0.5 1.75 21.13 22.88 NOTE
r-devel-linux-x86_64-fedora-clang 0.5 42.04 OK
r-devel-linux-x86_64-fedora-gcc 0.5 39.00 OK
r-devel-windows-x86_64 0.5 4.00 48.00 52.00 OK
r-patched-linux-x86_64 0.5 2.32 24.30 26.62 OK
r-release-linux-x86_64 0.5 2.40 24.31 26.71 OK
r-release-macos-arm64 0.5 1.00 18.00 19.00 OK
r-release-macos-x86_64 0.5 2.00 30.00 32.00 OK
r-release-windows-x86_64 0.5 4.00 46.00 50.00 OK
r-oldrel-macos-arm64 0.5 1.00 17.00 18.00 OK
r-oldrel-macos-x86_64 0.5 2.00 26.00 28.00 OK
r-oldrel-windows-x86_64 0.5 4.00 55.00 59.00 OK

Check Details

Version: 0.5
Check: CRAN incoming feasibility
Result: NOTE Maintainer: ‘Timothy I. Cannings <timothy.cannings@ed.ac.uk>’ No Authors@R field in DESCRIPTION. Please add one, modifying Authors@R: c(person(given = c("Timothy", "I."), family = "Cannings", role = c("aut", "cre"), email = "timothy.cannings@ed.ac.uk"), person(given = c("Richard", "J."), family = "Samworth", role = "aut")) as necessary. Flavors: r-devel-linux-x86_64-debian-clang, r-devel-linux-x86_64-debian-gcc

mirror server hosted at Truenetwork, Russian Federation.