Last updated on 2025-11-03 17:50:01 CET.
| Flavor | Version | Tinstall | Tcheck | Ttotal | Status | Flags |
|---|---|---|---|---|---|---|
| r-devel-linux-x86_64-debian-clang | 0.4.24 | 162.75 | 66.07 | 228.82 | OK | |
| r-devel-linux-x86_64-debian-gcc | 0.4.24 | 115.79 | 50.37 | 166.16 | OK | |
| r-devel-linux-x86_64-fedora-clang | 0.4.24 | 246.00 | 197.02 | 443.02 | OK | |
| r-devel-linux-x86_64-fedora-gcc | 0.4.24 | 299.00 | 124.51 | 423.51 | OK | |
| r-devel-windows-x86_64 | 0.4.24 | 337.00 | 164.00 | 501.00 | OK | |
| r-patched-linux-x86_64 | 0.4.24 | 153.91 | 62.00 | 215.91 | OK | |
| r-release-linux-x86_64 | 0.4.24 | 158.80 | 62.00 | 220.80 | OK | |
| r-release-macos-arm64 | 0.4.24 | 55.00 | 36.00 | 91.00 | OK | |
| r-release-macos-x86_64 | 0.4.24 | 69.00 | 67.00 | 136.00 | OK | |
| r-release-windows-x86_64 | 0.4.24 | 345.00 | 159.00 | 504.00 | OK | |
| r-oldrel-macos-arm64 | 0.4.24 | 72.00 | 56.00 | 128.00 | NOTE | |
| r-oldrel-macos-x86_64 | 0.4.24 | 86.00 | 130.00 | 216.00 | NOTE | |
| r-oldrel-windows-x86_64 | 0.4.24 | 328.00 | 229.00 | 557.00 | NOTE |
Version: 0.4.24
Check: installed package size
Result: NOTE
installed size is 33.6Mb
sub-directories of 1Mb or more:
libs 32.2Mb
Flavors: r-oldrel-macos-arm64, r-oldrel-macos-x86_64, r-oldrel-windows-x86_64