CRAN Package Check Results for Package RRedshiftSQL

Last updated on 2025-11-24 11:50:18 CET.

Flavor Version Tinstall Tcheck Ttotal Status Flags
r-devel-linux-x86_64-debian-clang 0.1.2 3.18 25.60 28.78 NOTE
r-devel-linux-x86_64-debian-gcc 0.1.2 2.46 20.63 23.09 NOTE
r-devel-linux-x86_64-fedora-clang 0.1.2 43.44 OK
r-devel-windows-x86_64 0.1.2 6.00 42.00 48.00 OK
r-patched-linux-x86_64 0.1.2 3.20 24.88 28.08 OK
r-release-linux-x86_64 0.1.2 2.71 24.68 27.39 OK
r-release-macos-arm64 0.1.2 OK
r-release-macos-x86_64 0.1.2 4.00 39.00 43.00 OK
r-release-windows-x86_64 0.1.2 5.00 54.00 59.00 OK
r-oldrel-macos-arm64 0.1.2 NOTE
r-oldrel-macos-x86_64 0.1.2 3.00 37.00 40.00 NOTE
r-oldrel-windows-x86_64 0.1.2 4.00 47.00 51.00 NOTE

Check Details

Version: 0.1.2
Check: CRAN incoming feasibility
Result: NOTE Maintainer: ‘Michael Treadwell <michael.treadwell@interworks.com>’ No Authors@R field in DESCRIPTION. Please add one, modifying Authors@R: person(given = "Michael", family = "Treadwell", role = c("aut", "cre"), email = "michael.treadwell@interworks.com") as necessary. Flavors: r-devel-linux-x86_64-debian-clang, r-devel-linux-x86_64-debian-gcc

Version: 0.1.2
Check: LazyData
Result: NOTE 'LazyData' is specified without a 'data' directory Flavors: r-oldrel-macos-arm64, r-oldrel-macos-x86_64, r-oldrel-windows-x86_64

mirror server hosted at Truenetwork, Russian Federation.