Last updated on 2025-02-22 11:51:39 CET.
Flavor | Version | Tinstall | Tcheck | Ttotal | Status | Flags |
---|---|---|---|---|---|---|
r-devel-linux-x86_64-debian-clang | 1.0.2 | 9.58 | 20.04 | 29.62 | OK | |
r-devel-linux-x86_64-debian-gcc | 1.0.2 | 7.61 | 15.70 | 23.31 | OK | |
r-devel-linux-x86_64-fedora-clang | 1.0.2 | 48.94 | OK | |||
r-devel-linux-x86_64-fedora-gcc | 1.0.2 | 45.73 | OK | |||
r-devel-macos-arm64 | 1.0.2 | 19.00 | OK | |||
r-devel-macos-x86_64 | 1.0.2 | 39.00 | OK | |||
r-devel-windows-x86_64 | 1.0.2 | 10.00 | 41.00 | 51.00 | OK | |
r-patched-linux-x86_64 | 1.0.2 | 9.71 | 19.59 | 29.30 | OK | |
r-release-linux-x86_64 | 1.0.2 | 9.06 | 19.18 | 28.24 | OK | |
r-release-macos-arm64 | 1.0.2 | 22.00 | NOTE | |||
r-release-macos-x86_64 | 1.0.2 | 35.00 | NOTE | |||
r-release-windows-x86_64 | 1.0.2 | 10.00 | 40.00 | 50.00 | OK | |
r-oldrel-macos-arm64 | 1.0.2 | 27.00 | NOTE | |||
r-oldrel-macos-x86_64 | 1.0.2 | 51.00 | NOTE | |||
r-oldrel-windows-x86_64 | 1.0.2 | 9.00 | 44.00 | 53.00 | OK |
Version: 1.0.2
Check: installed package size
Result: NOTE
installed size is 5.4Mb
sub-directories of 1Mb or more:
data 5.2Mb
Flavors: r-release-macos-arm64, r-release-macos-x86_64, r-oldrel-macos-arm64, r-oldrel-macos-x86_64