Last updated on 2025-05-16 18:50:23 CEST.
Flavor | Version | Tinstall | Tcheck | Ttotal | Status | Flags |
---|---|---|---|---|---|---|
r-devel-linux-x86_64-debian-clang | 0.0.1 | 2.15 | 18.80 | 20.95 | NOTE | |
r-devel-linux-x86_64-debian-gcc | 0.0.1 | 1.43 | 15.02 | 16.45 | NOTE | |
r-devel-linux-x86_64-fedora-clang | 0.0.1 | 32.60 | OK | |||
r-devel-linux-x86_64-fedora-gcc | 0.0.1 | 31.49 | OK | |||
r-devel-windows-x86_64 | 0.0.1 | 4.00 | 40.00 | 44.00 | OK | |
r-patched-linux-x86_64 | 0.0.1 | 2.27 | 17.88 | 20.15 | OK | |
r-release-linux-x86_64 | 0.0.1 | 1.83 | 18.14 | 19.97 | OK | |
r-release-macos-arm64 | 0.0.1 | 14.00 | OK | |||
r-release-macos-x86_64 | 0.0.1 | 23.00 | OK | |||
r-release-windows-x86_64 | 0.0.1 | 3.00 | 41.00 | 44.00 | OK | |
r-oldrel-macos-arm64 | 0.0.1 | 14.00 | OK | |||
r-oldrel-macos-x86_64 | 0.0.1 | 20.00 | OK | |||
r-oldrel-windows-x86_64 | 0.0.1 | 4.00 | 44.00 | 48.00 | OK |
Version: 0.0.1
Check: CRAN incoming feasibility
Result: NOTE
Maintainer: ‘Jay Burns <jay.burns@sruc.ac.uk>’
Package CITATION file contains call(s) to old-style citEntry(). Please
use bibentry() instead.
Flavors: r-devel-linux-x86_64-debian-clang, r-devel-linux-x86_64-debian-gcc