Last updated on 2025-11-03 23:50:29 CET.
| Flavor | Version | Tinstall | Tcheck | Ttotal | Status | Flags | 
|---|---|---|---|---|---|---|
| r-devel-linux-x86_64-debian-clang | 0.98.0 | 45.86 | 60.75 | 106.61 | NOTE | |
| r-devel-linux-x86_64-debian-gcc | 0.98.0 | 34.61 | 47.28 | 81.89 | NOTE | |
| r-devel-linux-x86_64-fedora-clang | 0.98.0 | 102.00 | 82.94 | 184.94 | OK | |
| r-devel-linux-x86_64-fedora-gcc | 0.98.0 | 111.00 | 88.17 | 199.17 | OK | |
| r-devel-windows-x86_64 | 0.98.0 | 58.00 | 136.00 | 194.00 | OK | |
| r-patched-linux-x86_64 | 0.98.0 | 51.89 | 61.79 | 113.68 | OK | |
| r-release-linux-x86_64 | 0.98.0 | 47.83 | 60.88 | 108.71 | OK | |
| r-release-macos-arm64 | 0.98.0 | 22.00 | 50.00 | 72.00 | OK | |
| r-release-macos-x86_64 | 0.98.0 | 23.00 | 108.00 | 131.00 | OK | |
| r-release-windows-x86_64 | 0.98.0 | 52.00 | 131.00 | 183.00 | OK | |
| r-oldrel-macos-arm64 | 0.98.0 | 18.00 | 39.00 | 57.00 | NOTE | |
| r-oldrel-macos-x86_64 | 0.98.0 | 20.00 | 78.00 | 98.00 | NOTE | |
| r-oldrel-windows-x86_64 | 0.98.0 | 67.00 | 159.00 | 226.00 | OK | 
Version: 0.98.0
Check: CRAN incoming feasibility
Result: NOTE
  Maintainer: ‘Quentin Grimonprez <quentingrim@yahoo.fr>’
  
  Package CITATION file contains call(s) to old-style citEntry().  Please
  use bibentry() instead.
Flavors: r-devel-linux-x86_64-debian-clang, r-devel-linux-x86_64-debian-gcc
Version: 0.98.0
Check: installed package size
Result: NOTE
    installed size is  5.2Mb
    sub-directories of 1Mb or more:
      libs   4.5Mb
Flavors: r-oldrel-macos-arm64, r-oldrel-macos-x86_64