Last updated on 2025-11-03 05:50:52 CET.
| Flavor | Version | Tinstall | Tcheck | Ttotal | Status | Flags | 
|---|---|---|---|---|---|---|
| r-devel-linux-x86_64-debian-clang | 0.1.0 | 5.14 | 57.94 | 63.08 | OK | |
| r-devel-linux-x86_64-debian-gcc | 0.1.0 | 3.55 | 41.74 | 45.29 | OK | |
| r-devel-linux-x86_64-fedora-clang | 0.1.0 | 13.00 | 82.30 | 95.30 | OK | |
| r-devel-linux-x86_64-fedora-gcc | 0.1.0 | 13.00 | 92.05 | 105.05 | OK | |
| r-devel-windows-x86_64 | 0.1.0 | 7.00 | 66.00 | 73.00 | OK | |
| r-patched-linux-x86_64 | 0.1.0 | 4.53 | 53.53 | 58.06 | OK | |
| r-release-linux-x86_64 | 0.1.0 | 4.14 | 52.82 | 56.96 | OK | |
| r-release-macos-arm64 | 0.1.0 | 2.00 | 31.00 | 33.00 | OK | |
| r-release-macos-x86_64 | 0.1.0 | 5.00 | 61.00 | 66.00 | OK | |
| r-release-windows-x86_64 | 0.1.0 | 7.00 | 63.00 | 70.00 | OK | |
| r-oldrel-macos-arm64 | 0.1.0 | 3.00 | 32.00 | 35.00 | NOTE | |
| r-oldrel-macos-x86_64 | 0.1.0 | 4.00 | 47.00 | 51.00 | NOTE | |
| r-oldrel-windows-x86_64 | 0.1.0 | 11.00 | 80.00 | 91.00 | NOTE | 
Version: 0.1.0
Check: LazyData
Result: NOTE
    'LazyData' is specified without a 'data' directory
Flavors: r-oldrel-macos-arm64, r-oldrel-macos-x86_64, r-oldrel-windows-x86_64