Last updated on 2025-02-22 17:49:55 CET.
Flavor | Version | Tinstall | Tcheck | Ttotal | Status | Flags |
---|---|---|---|---|---|---|
r-devel-linux-x86_64-debian-clang | 0.2-2 | 17.03 | 131.52 | 148.55 | NOTE | |
r-devel-linux-x86_64-debian-gcc | 0.2-2 | 13.40 | 102.36 | 115.76 | NOTE | |
r-devel-linux-x86_64-fedora-clang | 0.2-2 | 264.19 | OK | |||
r-devel-linux-x86_64-fedora-gcc | 0.2-2 | 245.85 | OK | |||
r-devel-macos-arm64 | 0.2-2 | 89.00 | OK | |||
r-devel-macos-x86_64 | 0.2-2 | 147.00 | OK | |||
r-devel-windows-x86_64 | 0.2-2 | 25.00 | 207.00 | 232.00 | NOTE | |
r-patched-linux-x86_64 | 0.2-2 | 24.74 | 123.75 | 148.49 | OK | |
r-release-linux-x86_64 | 0.2-2 | 17.10 | 121.48 | 138.58 | OK | |
r-release-macos-arm64 | 0.2-2 | 86.00 | OK | |||
r-release-macos-x86_64 | 0.2-2 | 111.00 | OK | |||
r-release-windows-x86_64 | 0.2-2 | 22.00 | 175.00 | 197.00 | OK | |
r-oldrel-macos-arm64 | 0.2-2 | 71.00 | OK | |||
r-oldrel-macos-x86_64 | 0.2-2 | 224.00 | OK | |||
r-oldrel-windows-x86_64 | 0.2-2 | 24.00 | 159.00 | 183.00 | OK |
Version: 0.2-2
Check: Rd cross-references
Result: NOTE
Found the following Rd file(s) with Rd \link{} targets missing package
anchors:
RcmdrPlugin.BWS2-package.Rd: DoE.base, Rcmdr, support.BWS2,
support.CEs, survival
Please provide package anchors for all Rd \link{} targets not in the
package itself and the base packages.
Flavors: r-devel-linux-x86_64-debian-clang, r-devel-linux-x86_64-debian-gcc, r-devel-windows-x86_64