Last updated on 2025-02-22 11:51:39 CET.
Flavor | Version | Tinstall | Tcheck | Ttotal | Status | Flags |
---|---|---|---|---|---|---|
r-devel-linux-x86_64-debian-clang | 1.1.3 | 33.66 | 182.95 | 216.61 | NOTE | |
r-devel-linux-x86_64-debian-gcc | 1.1.3 | 25.65 | 133.40 | 159.05 | NOTE | |
r-devel-linux-x86_64-fedora-clang | 1.1.3 | 385.21 | OK | |||
r-devel-linux-x86_64-fedora-gcc | 1.1.3 | 360.68 | OK | |||
r-devel-macos-arm64 | 1.1.3 | 152.00 | OK | |||
r-devel-macos-x86_64 | 1.1.3 | 191.00 | OK | |||
r-devel-windows-x86_64 | 1.1.3 | 39.00 | 246.00 | 285.00 | NOTE | |
r-patched-linux-x86_64 | 1.1.3 | 37.79 | 170.74 | 208.53 | OK | |
r-release-linux-x86_64 | 1.1.3 | 30.52 | 172.59 | 203.11 | OK | |
r-release-macos-arm64 | 1.1.3 | 130.00 | OK | |||
r-release-macos-x86_64 | 1.1.3 | 151.00 | OK | |||
r-release-windows-x86_64 | 1.1.3 | 30.00 | 197.00 | 227.00 | OK | |
r-oldrel-macos-arm64 | 1.1.3 | 82.00 | OK | |||
r-oldrel-macos-x86_64 | 1.1.3 | 164.00 | OK | |||
r-oldrel-windows-x86_64 | 1.1.3 | 33.00 | 205.00 | 238.00 | OK |
Version: 1.1.3
Check: Rd cross-references
Result: NOTE
Found the following Rd file(s) with Rd \link{} targets missing package
anchors:
GUI_RandomANOVA.Rd: lmer
RcmdrPlugin.TeachStat-package.Rd: Rcmdr
Utilities.Rd: distr, DiscreteDistribution, AbscontDistribution
aovreml.Rd: lmer
aovremm.Rd: lmer
characRV.Rd: E, skewness, kurtosis
priceIndexNum.Rd: priceIndex
Please provide package anchors for all Rd \link{} targets not in the
package itself and the base packages.
Flavors: r-devel-linux-x86_64-debian-clang, r-devel-linux-x86_64-debian-gcc, r-devel-windows-x86_64