CRAN Package Check Results for Package Rcpp

Last updated on 2025-11-02 17:49:49 CET.

Flavor Version Tinstall Tcheck Ttotal Status Flags
r-devel-linux-x86_64-debian-clang 1.1.0 34.67 86.17 120.84 OK
r-devel-linux-x86_64-debian-gcc 1.1.0 24.97 66.63 91.60 OK
r-devel-linux-x86_64-fedora-clang 1.1.0 82.00 101.45 183.45 NOTE
r-devel-linux-x86_64-fedora-gcc 1.1.0 80.00 115.98 195.98 NOTE
r-devel-windows-x86_64 1.1.0 50.00 243.00 293.00 OK
r-patched-linux-x86_64 1.1.0 32.71 78.35 111.06 OK
r-release-linux-x86_64 1.1.0 29.53 78.34 107.87 OK
r-release-macos-arm64 1.1.0 17.00 184.00 201.00 OK
r-release-macos-x86_64 1.1.0 26.00 141.00 167.00 OK
r-release-windows-x86_64 1.1.0 3.00 6.00 9.00 ERROR
r-oldrel-macos-arm64 1.1.0 15.00 164.00 179.00 NOTE
r-oldrel-macos-x86_64 1.1.0 23.00 146.00 169.00 NOTE
r-oldrel-windows-x86_64 1.1.0 59.00 219.00 278.00 NOTE

Check Details

Version: 1.1.0
Check: foreign function calls
Result: NOTE Registration problem: symbol ‘symbol’ in the local frame: .Call(symbol) See chapter ‘System and foreign language interfaces’ in the ‘Writing R Extensions’ manual. Flavors: r-devel-linux-x86_64-fedora-clang, r-devel-linux-x86_64-fedora-gcc

Version: 1.1.0
Check: whether package can be installed
Result: ERROR Installation failed. Flavor: r-release-windows-x86_64

Version: 1.1.0
Check: installed package size
Result: NOTE installed size is 10.4Mb sub-directories of 1Mb or more: doc 1.2Mb include 2.1Mb libs 5.2Mb Flavors: r-oldrel-macos-arm64, r-oldrel-macos-x86_64, r-oldrel-windows-x86_64

mirror server hosted at Truenetwork, Russian Federation.